{"id":7034,"date":"2015-08-07T11:13:02","date_gmt":"2015-08-07T09:13:02","guid":{"rendered":"http:\/\/kehila-olomouc.cz\/rs\/?page_id=7034"},"modified":"2016-08-14T01:09:32","modified_gmt":"2016-08-13T23:09:32","slug":"regina-wachsmannova","status":"publish","type":"page","link":"https:\/\/kehila-olomouc.cz\/rs\/soucastnost\/stolpersteine-2\/regina-wachsmannova\/","title":{"rendered":"Regina Wachsmannov\u00e1"},"content":{"rendered":"<p style=\"text-align: left;\">Adresa:\u00a0<strong><a href=\"https:\/\/www.google.com\/maps\/d\/viewer?mid=zFcC0AXi_eZA.kr_Q-_iTZAOc\" target=\"_blank\">Cyrilometod\u011bjsk\u00e9 n\u00e1m\u011bst\u00ed 251\/3, Olomouc<\/a><\/strong><br \/>\nsou\u0159adnice: N49\u00b036&#8217;10.2&#8243; E17\u00b014&#8217;01.9&#8243;<br \/>\nK\u00e1men zmizel\u00fdch polo\u017een: 2015<\/p>\n<p><a href=\"http:\/\/kehila-olomouc.cz\/rs\/wp-content\/uploads\/Regina-Wachsmannov\u00e1.jpg\" rel=\"attachment wp-att-8346\"><img loading=\"lazy\" decoding=\"async\" class=\"alignleft size-medium wp-image-8346\" src=\"http:\/\/kehila-olomouc.cz\/rs\/wp-content\/uploads\/Regina-Wachsmannov\u00e1-300x300.jpg\" alt=\"Regina Wachsmannov\u00e1\" width=\"300\" height=\"300\" srcset=\"https:\/\/kehila-olomouc.cz\/rs\/wp-content\/uploads\/Regina-Wachsmannov\u00e1-300x300.jpg 300w, https:\/\/kehila-olomouc.cz\/rs\/wp-content\/uploads\/Regina-Wachsmannov\u00e1-150x150.jpg 150w, https:\/\/kehila-olomouc.cz\/rs\/wp-content\/uploads\/Regina-Wachsmannov\u00e1.jpg 593w\" sizes=\"(max-width: 300px) 100vw, 300px\" \/><\/a><\/p>\n<p>&nbsp;<\/p>\n<p>&nbsp;<\/p>\n<p>&nbsp;<\/p>\n<p>&nbsp;<\/p>\n<p>&nbsp;<\/p>\n<p>&nbsp;<\/p>\n<p>&nbsp;<\/p>\n<p>&nbsp;<\/p>\n<p>&nbsp;<\/p>\n<p>N\u00e1pis na kameni:<\/p>\n<p>ZDE BYDLELA<br \/>\nREGINA WACHSMANNOV\u00c1<br \/>\nNAR. 1895<br \/>\nDEPORTOV\u00c1NA 1942<br \/>\nDO TEREZ\u00cdNA<br \/>\nZAVRA\u017dD\u011aNA 1942<br \/>\nV BARANOVI\u010cI<\/p>\n<p>Dal\u0161\u00ed zn\u00e1m\u00e9 \u00fadaje:<br \/>\nNarozena 24. 09. 1895<br \/>\ntransport AAm, \u010d. 611 (04.07.1942 Olomouc -&gt; Terez\u00edn)<br \/>\ntransport AAy, \u010d. 317 (28.07.1942 Terez\u00edn -&gt; Baranovi\u010di)<br \/>\nZahynula<\/p>\n<p><a href=\"http:\/\/www.holocaust.cz\/databaze-obeti\/obet\/131432-regina-wachsmannova\/\" target=\"_blank\">Ob\u011b\u0165 v datab\u00e1zi Institutu Terez\u00ednsk\u00e9 iniciativy<\/a><\/p>\n","protected":false},"excerpt":{"rendered":"<p>Adresa:\u00a0Cyrilometod\u011bjsk\u00e9 n\u00e1m\u011bst\u00ed 251\/3, Olomouc<br \/>\nsou\u0159adnice: N49\u00b036&#8217;10.2&#8243; E17\u00b014&#8217;01.9&#8243;<br \/>\nK\u00e1men zmizel\u00fdch polo\u017een: 2015<\/p>\n<p>&nbsp;<br \/>\n&nbsp;<br \/>\n&nbsp;<br \/>\n&nbsp;<br \/>\n&nbsp;<br \/>\n&nbsp;<br \/>\n&nbsp;<br \/>\n&nbsp;<br \/>\n&nbsp;<br \/>\nN\u00e1pis na kameni:<br \/>\nZDE BYDLELA<br \/>\nREGINA WACHSMANNOV\u00c1<br \/>\nNAR. 1895<br \/>\nDEPORTOV\u00c1NA 1942<br \/>\nDO TEREZ\u00cdNA<br \/>\nZAVRA\u017dD\u011aNA 1942<br \/>\nV BARANOVI\u010cI<br \/>\nDal\u0161\u00ed zn\u00e1m\u00e9 \u00fadaje:<br \/>\nNarozena 24. 09. 1895<br \/>\ntransport AAm, \u010d. 611 (04.07.1942 Olomouc -&gt; Terez\u00edn)<br \/>\ntransport AAy, \u010d. 317 (28.07.1942 Terez\u00edn -&gt; Baranovi\u010di)<br \/>\nZahynula<br \/>\nOb\u011b\u0165 v datab\u00e1zi Institutu Terez\u00ednsk\u00e9 iniciativy<\/p>\n","protected":false},"author":3,"featured_media":0,"parent":7602,"menu_order":0,"comment_status":"closed","ping_status":"closed","template":"","meta":{"ngg_post_thumbnail":0,"footnotes":""},"class_list":["post-7034","page","type-page","status-publish","hentry"],"_links":{"self":[{"href":"https:\/\/kehila-olomouc.cz\/rs\/wp-json\/wp\/v2\/pages\/7034"}],"collection":[{"href":"https:\/\/kehila-olomouc.cz\/rs\/wp-json\/wp\/v2\/pages"}],"about":[{"href":"https:\/\/kehila-olomouc.cz\/rs\/wp-json\/wp\/v2\/types\/page"}],"author":[{"embeddable":true,"href":"https:\/\/kehila-olomouc.cz\/rs\/wp-json\/wp\/v2\/users\/3"}],"replies":[{"embeddable":true,"href":"https:\/\/kehila-olomouc.cz\/rs\/wp-json\/wp\/v2\/comments?post=7034"}],"version-history":[{"count":6,"href":"https:\/\/kehila-olomouc.cz\/rs\/wp-json\/wp\/v2\/pages\/7034\/revisions"}],"predecessor-version":[{"id":8347,"href":"https:\/\/kehila-olomouc.cz\/rs\/wp-json\/wp\/v2\/pages\/7034\/revisions\/8347"}],"up":[{"embeddable":true,"href":"https:\/\/kehila-olomouc.cz\/rs\/wp-json\/wp\/v2\/pages\/7602"}],"wp:attachment":[{"href":"https:\/\/kehila-olomouc.cz\/rs\/wp-json\/wp\/v2\/media?parent=7034"}],"curies":[{"name":"wp","href":"https:\/\/api.w.org\/{rel}","templated":true}]}}

Regina Wachsmannová

<p style="text-align: left;">Adresa: <strong><a href="https://www.google.com/maps/d/viewer?mid=zFcC0AXi_eZA.kr_Q-_iTZAOc" target="_blank">Cyrilometodějské náměstí 251/3, Olomouc</a></strong><br />
souřadnice: N49°36&#8217;10.2&#8243; E17°14&#8217;01.9&#8243;<br />
Kámen zmizelých položen: 2015</p>
<p><a href="http://kehila-olomouc.cz/rs/wp-content/uploads/Regina-Wachsmannová.jpg" rel="attachment wp-att-8346"><img loading="lazy" decoding="async" class="alignleft size-medium wp-image-8346" src="http://kehila-olomouc.cz/rs/wp-content/uploads/Regina-Wachsmannová-300x300.jpg" alt="Regina Wachsmannová" width="300" height="300" srcset="https://kehila-olomouc.cz/rs/wp-content/uploads/Regina-Wachsmannová-300x300.jpg 300w, https://kehila-olomouc.cz/rs/wp-content/uploads/Regina-Wachsmannová-150x150.jpg 150w, https://kehila-olomouc.cz/rs/wp-content/uploads/Regina-Wachsmannová.jpg 593w" sizes="(max-width: 300px) 100vw, 300px" /></a></p>
<p>&nbsp;</p>
<p>&nbsp;</p>
<p>&nbsp;</p>
<p>&nbsp;</p>
<p>&nbsp;</p>
<p>&nbsp;</p>
<p>&nbsp;</p>
<p>&nbsp;</p>
<p>&nbsp;</p>
<p>Nápis na kameni:</p>
<p>ZDE BYDLELA<br />
REGINA WACHSMANNOVÁ<br />
NAR. 1895<br />
DEPORTOVÁNA 1942<br />
DO TEREZÍNA<br />
ZAVRAŽDĚNA 1942<br />
V BARANOVIČI</p>
<p>Další známé údaje:<br />
Narozena 24. 09. 1895<br />
transport AAm, č. 611 (04.07.1942 Olomouc -&gt; Terezín)<br />
transport AAy, č. 317 (28.07.1942 Terezín -&gt; Baranoviči)<br />
Zahynula</p>
<p><a href="http://www.holocaust.cz/databaze-obeti/obet/131432-regina-wachsmannova/" target="_blank">Oběť v databázi Institutu Terezínské iniciativy</a></p>

<p>Adresa: Cyrilometodějské náměstí 251/3, Olomouc<br />
souřadnice: N49°36&#8217;10.2&#8243; E17°14&#8217;01.9&#8243;<br />
Kámen zmizelých položen: 2015</p>
<p>&nbsp;<br />
&nbsp;<br />
&nbsp;<br />
&nbsp;<br />
&nbsp;<br />
&nbsp;<br />
&nbsp;<br />
&nbsp;<br />
&nbsp;<br />
Nápis na kameni:<br />
ZDE BYDLELA<br />
REGINA WACHSMANNOVÁ<br />
NAR. 1895<br />
DEPORTOVÁNA 1942<br />
DO TEREZÍNA<br />
ZAVRAŽDĚNA 1942<br />
V BARANOVIČI<br />
Další známé údaje:<br />
Narozena 24. 09. 1895<br />
transport AAm, č. 611 (04.07.1942 Olomouc -&gt; Terezín)<br />
transport AAy, č. 317 (28.07.1942 Terezín -&gt; Baranoviči)<br />
Zahynula<br />
Oběť v databázi Institutu Terezínské iniciativy</p>
