{"id":7005,"date":"2015-07-03T00:53:07","date_gmt":"2015-07-02T22:53:07","guid":{"rendered":"http:\/\/kehila-olomouc.cz\/rs\/?page_id=7005"},"modified":"2015-12-04T11:51:27","modified_gmt":"2015-12-04T09:51:27","slug":"irma-schnablova","status":"publish","type":"page","link":"https:\/\/kehila-olomouc.cz\/rs\/soucastnost\/stolpersteine-2\/irma-schnablova\/","title":{"rendered":"Irma Schnablov\u00e1"},"content":{"rendered":"<p>Adresa:\u00a0<strong><a href=\"https:\/\/www.google.com\/maps\/d\/viewer?mid=zFcC0AXi_eZA.kr_Q-_iTZAOc\" target=\"_blank\">Dobrovsk\u00e9ho 401\/16, Olomouc<\/a><\/strong><br \/>\nsou\u0159adnice: N49\u00b035&#8217;54.7&#8243; E17\u00b015&#8217;29.5&#8243;<br \/>\nK\u00e1men zmizel\u00fdch polo\u017een: 2015<\/p>\n<p><a href=\"http:\/\/kehila-olomouc.cz\/rs\/wp-content\/uploads\/Irma-Schnablov\u00e1.jpg\"><img loading=\"lazy\" decoding=\"async\" class=\"alignnone wp-image-7006\" src=\"http:\/\/kehila-olomouc.cz\/rs\/wp-content\/uploads\/Irma-Schnablov\u00e1.jpg\" alt=\"Irma Schnablov\u00e1\" width=\"318\" height=\"282\" srcset=\"https:\/\/kehila-olomouc.cz\/rs\/wp-content\/uploads\/Irma-Schnablov\u00e1.jpg 662w, https:\/\/kehila-olomouc.cz\/rs\/wp-content\/uploads\/Irma-Schnablov\u00e1-300x266.jpg 300w\" sizes=\"(max-width: 318px) 100vw, 318px\" \/><\/a><\/p>\n<p>N\u00e1pis na kameni:<\/p>\n<p>ZDE BYDLELA<br \/>\nIRMA SCHNABLOV\u00c1<br \/>\nNAR. 1881<br \/>\nDEPORTOV\u00c1NA 1942<br \/>\nDO TEREZ\u00cdNA<br \/>\nZAVRA\u017dD\u011aNA 1942<br \/>\nV MAL\u00c9M TROSTINCI<\/p>\n<p>Dal\u0161\u00ed zn\u00e1m\u00e9 \u00fadaje:<br \/>\nNarozena 12. 02. 1881<br \/>\ntransport AAm, \u010d. 358 (04.07.1942 Olomouc -&gt; Terez\u00edn)<br \/>\ntransport Bc, \u010d. 490 (25.08.1942 Terez\u00edn -&gt; Mal\u00fd Trostinec)<br \/>\nZahynula<\/p>\n<p><a href=\"http:\/\/www2.holocaust.cz\/cz\/victims\/PERSON.ITI.1818246\" target=\"_blank\">Ob\u011b\u0165 v datab\u00e1zi Institutu Terez\u00ednsk\u00e9 iniciativy<\/a><\/p>\n","protected":false},"excerpt":{"rendered":"<p>Adresa:\u00a0Dobrovsk\u00e9ho 401\/16, Olomouc<br \/>\nsou\u0159adnice: N49\u00b035&#8217;54.7&#8243; E17\u00b015&#8217;29.5&#8243;<br \/>\nK\u00e1men zmizel\u00fdch polo\u017een: 2015<\/p>\n<p>N\u00e1pis na kameni:<br \/>\nZDE BYDLELA<br \/>\nIRMA SCHNABLOV\u00c1<br \/>\nNAR. 1881<br \/>\nDEPORTOV\u00c1NA 1942<br \/>\nDO TEREZ\u00cdNA<br \/>\nZAVRA\u017dD\u011aNA 1942<br \/>\nV MAL\u00c9M TROSTINCI<br \/>\nDal\u0161\u00ed zn\u00e1m\u00e9 \u00fadaje:<br \/>\nNarozena 12. 02. 1881<br \/>\ntransport AAm, \u010d. 358 (04.07.1942 Olomouc -&gt; Terez\u00edn)<br \/>\ntransport Bc, \u010d. 490 (25.08.1942 Terez\u00edn -&gt; Mal\u00fd Trostinec)<br \/>\nZahynula<br \/>\nOb\u011b\u0165 v datab\u00e1zi Institutu Terez\u00ednsk\u00e9 iniciativy<\/p>\n","protected":false},"author":3,"featured_media":0,"parent":7602,"menu_order":0,"comment_status":"closed","ping_status":"closed","template":"","meta":{"ngg_post_thumbnail":0,"footnotes":""},"class_list":["post-7005","page","type-page","status-publish","hentry"],"_links":{"self":[{"href":"https:\/\/kehila-olomouc.cz\/rs\/wp-json\/wp\/v2\/pages\/7005"}],"collection":[{"href":"https:\/\/kehila-olomouc.cz\/rs\/wp-json\/wp\/v2\/pages"}],"about":[{"href":"https:\/\/kehila-olomouc.cz\/rs\/wp-json\/wp\/v2\/types\/page"}],"author":[{"embeddable":true,"href":"https:\/\/kehila-olomouc.cz\/rs\/wp-json\/wp\/v2\/users\/3"}],"replies":[{"embeddable":true,"href":"https:\/\/kehila-olomouc.cz\/rs\/wp-json\/wp\/v2\/comments?post=7005"}],"version-history":[{"count":4,"href":"https:\/\/kehila-olomouc.cz\/rs\/wp-json\/wp\/v2\/pages\/7005\/revisions"}],"predecessor-version":[{"id":7935,"href":"https:\/\/kehila-olomouc.cz\/rs\/wp-json\/wp\/v2\/pages\/7005\/revisions\/7935"}],"up":[{"embeddable":true,"href":"https:\/\/kehila-olomouc.cz\/rs\/wp-json\/wp\/v2\/pages\/7602"}],"wp:attachment":[{"href":"https:\/\/kehila-olomouc.cz\/rs\/wp-json\/wp\/v2\/media?parent=7005"}],"curies":[{"name":"wp","href":"https:\/\/api.w.org\/{rel}","templated":true}]}}

Irma Schnablová

<p>Adresa: <strong><a href="https://www.google.com/maps/d/viewer?mid=zFcC0AXi_eZA.kr_Q-_iTZAOc" target="_blank">Dobrovského 401/16, Olomouc</a></strong><br />
souřadnice: N49°35&#8217;54.7&#8243; E17°15&#8217;29.5&#8243;<br />
Kámen zmizelých položen: 2015</p>
<p><a href="http://kehila-olomouc.cz/rs/wp-content/uploads/Irma-Schnablová.jpg"><img loading="lazy" decoding="async" class="alignnone wp-image-7006" src="http://kehila-olomouc.cz/rs/wp-content/uploads/Irma-Schnablová.jpg" alt="Irma Schnablová" width="318" height="282" srcset="https://kehila-olomouc.cz/rs/wp-content/uploads/Irma-Schnablová.jpg 662w, https://kehila-olomouc.cz/rs/wp-content/uploads/Irma-Schnablová-300x266.jpg 300w" sizes="(max-width: 318px) 100vw, 318px" /></a></p>
<p>Nápis na kameni:</p>
<p>ZDE BYDLELA<br />
IRMA SCHNABLOVÁ<br />
NAR. 1881<br />
DEPORTOVÁNA 1942<br />
DO TEREZÍNA<br />
ZAVRAŽDĚNA 1942<br />
V MALÉM TROSTINCI</p>
<p>Další známé údaje:<br />
Narozena 12. 02. 1881<br />
transport AAm, č. 358 (04.07.1942 Olomouc -&gt; Terezín)<br />
transport Bc, č. 490 (25.08.1942 Terezín -&gt; Malý Trostinec)<br />
Zahynula</p>
<p><a href="http://www2.holocaust.cz/cz/victims/PERSON.ITI.1818246" target="_blank">Oběť v databázi Institutu Terezínské iniciativy</a></p>

<p>Adresa: Dobrovského 401/16, Olomouc<br />
souřadnice: N49°35&#8217;54.7&#8243; E17°15&#8217;29.5&#8243;<br />
Kámen zmizelých položen: 2015</p>
<p>Nápis na kameni:<br />
ZDE BYDLELA<br />
IRMA SCHNABLOVÁ<br />
NAR. 1881<br />
DEPORTOVÁNA 1942<br />
DO TEREZÍNA<br />
ZAVRAŽDĚNA 1942<br />
V MALÉM TROSTINCI<br />
Další známé údaje:<br />
Narozena 12. 02. 1881<br />
transport AAm, č. 358 (04.07.1942 Olomouc -&gt; Terezín)<br />
transport Bc, č. 490 (25.08.1942 Terezín -&gt; Malý Trostinec)<br />
Zahynula<br />
Oběť v databázi Institutu Terezínské iniciativy</p>
