{"id":6704,"date":"2015-04-19T00:41:00","date_gmt":"2015-04-18T22:41:00","guid":{"rendered":"http:\/\/kehila-olomouc.cz\/rs\/?page_id=6704"},"modified":"2015-12-04T11:38:37","modified_gmt":"2015-12-04T09:38:37","slug":"roma-mertensova","status":"publish","type":"page","link":"https:\/\/kehila-olomouc.cz\/rs\/soucastnost\/stolpersteine-2\/roma-mertensova\/","title":{"rendered":"Roma Mertensov\u00e1"},"content":{"rendered":"<p>Adresa:\u00a0<a href=\"https:\/\/www.google.com\/maps\/d\/viewer?mid=zFcC0AXi_eZA.kr_Q-_iTZAOc\" target=\"_blank\"><strong>Javo\u0159\u00ed\u010dsk\u00e1 679\/6\u00a0, Olomouc<\/strong><\/a><br \/>\nsou\u0159adnice: N 49.591029 E 17.249350<br \/>\nK\u00e1men zmizel\u00fdch polo\u017een: 2014<\/p>\n<p><a href=\"http:\/\/kehila-olomouc.cz\/rs\/wp-content\/uploads\/Roma-Mertensov\u00e1.jpg\"><img loading=\"lazy\" decoding=\"async\" class=\"alignnone wp-image-6705\" src=\"http:\/\/kehila-olomouc.cz\/rs\/wp-content\/uploads\/Roma-Mertensov\u00e1.jpg\" alt=\"Roma Mertensov\u00e1\" width=\"295\" height=\"296\" srcset=\"https:\/\/kehila-olomouc.cz\/rs\/wp-content\/uploads\/Roma-Mertensov\u00e1.jpg 421w, https:\/\/kehila-olomouc.cz\/rs\/wp-content\/uploads\/Roma-Mertensov\u00e1-150x150.jpg 150w, https:\/\/kehila-olomouc.cz\/rs\/wp-content\/uploads\/Roma-Mertensov\u00e1-298x300.jpg 298w\" sizes=\"(max-width: 295px) 100vw, 295px\" \/><\/a><\/p>\n<p>N\u00e1pis na kameni:<\/p>\n<p>ZDE BYDLELA<br \/>\nROMA MERTENSOV\u00c1<br \/>\nNAR. 1913<br \/>\nDEPORTOV\u00c1NA 1942<br \/>\nDO TEREZ\u00cdNA<br \/>\nZAVRA\u017dD\u011aNA 1944<br \/>\nV OSV\u011aTIMI<\/p>\n<p>Dal\u0161\u00ed zn\u00e1m\u00e9 \u00fadaje:<br \/>\nNarozena 26. 07. 1913<br \/>\ntransport AAo, \u010d. 539 (08.07.1942 Olomouc -&gt; Terez\u00edn)<br \/>\ntransport Ep, \u010d. 717 (09.10.1944 Terez\u00edn -&gt; Osv\u011btim)<br \/>\nZahynula<\/p>\n<p><a href=\"http:\/\/www2.holocaust.cz\/cz\/victims\/PERSON.ITI.1660491\" target=\"_blank\">Ob\u011b\u0165 v datab\u00e1zi Institutu Terez\u00ednsk\u00e9 iniciativy<\/a><\/p>\n","protected":false},"excerpt":{"rendered":"<p>Adresa:\u00a0Javo\u0159\u00ed\u010dsk\u00e1 679\/6\u00a0, Olomouc<br \/>\nsou\u0159adnice: N 49.591029 E 17.249350<br \/>\nK\u00e1men zmizel\u00fdch polo\u017een: 2014<\/p>\n<p>N\u00e1pis na kameni:<br \/>\nZDE BYDLELA<br \/>\nROMA MERTENSOV\u00c1<br \/>\nNAR. 1913<br \/>\nDEPORTOV\u00c1NA 1942<br \/>\nDO TEREZ\u00cdNA<br \/>\nZAVRA\u017dD\u011aNA 1944<br \/>\nV OSV\u011aTIMI<br \/>\nDal\u0161\u00ed zn\u00e1m\u00e9 \u00fadaje:<br \/>\nNarozena 26. 07. 1913<br \/>\ntransport AAo, \u010d. 539 (08.07.1942 Olomouc -&gt; Terez\u00edn)<br \/>\ntransport Ep, \u010d. 717 (09.10.1944 Terez\u00edn -&gt; Osv\u011btim)<br \/>\nZahynula<br \/>\nOb\u011b\u0165 v datab\u00e1zi Institutu Terez\u00ednsk\u00e9 iniciativy<\/p>\n","protected":false},"author":3,"featured_media":0,"parent":7602,"menu_order":0,"comment_status":"closed","ping_status":"closed","template":"","meta":{"ngg_post_thumbnail":0,"footnotes":""},"class_list":["post-6704","page","type-page","status-publish","hentry"],"_links":{"self":[{"href":"https:\/\/kehila-olomouc.cz\/rs\/wp-json\/wp\/v2\/pages\/6704"}],"collection":[{"href":"https:\/\/kehila-olomouc.cz\/rs\/wp-json\/wp\/v2\/pages"}],"about":[{"href":"https:\/\/kehila-olomouc.cz\/rs\/wp-json\/wp\/v2\/types\/page"}],"author":[{"embeddable":true,"href":"https:\/\/kehila-olomouc.cz\/rs\/wp-json\/wp\/v2\/users\/3"}],"replies":[{"embeddable":true,"href":"https:\/\/kehila-olomouc.cz\/rs\/wp-json\/wp\/v2\/comments?post=6704"}],"version-history":[{"count":4,"href":"https:\/\/kehila-olomouc.cz\/rs\/wp-json\/wp\/v2\/pages\/6704\/revisions"}],"predecessor-version":[{"id":7893,"href":"https:\/\/kehila-olomouc.cz\/rs\/wp-json\/wp\/v2\/pages\/6704\/revisions\/7893"}],"up":[{"embeddable":true,"href":"https:\/\/kehila-olomouc.cz\/rs\/wp-json\/wp\/v2\/pages\/7602"}],"wp:attachment":[{"href":"https:\/\/kehila-olomouc.cz\/rs\/wp-json\/wp\/v2\/media?parent=6704"}],"curies":[{"name":"wp","href":"https:\/\/api.w.org\/{rel}","templated":true}]}}

Roma Mertensová

<p>Adresa: <a href="https://www.google.com/maps/d/viewer?mid=zFcC0AXi_eZA.kr_Q-_iTZAOc" target="_blank"><strong>Javoříčská 679/6 , Olomouc</strong></a><br />
souřadnice: N 49.591029 E 17.249350<br />
Kámen zmizelých položen: 2014</p>
<p><a href="http://kehila-olomouc.cz/rs/wp-content/uploads/Roma-Mertensová.jpg"><img loading="lazy" decoding="async" class="alignnone wp-image-6705" src="http://kehila-olomouc.cz/rs/wp-content/uploads/Roma-Mertensová.jpg" alt="Roma Mertensová" width="295" height="296" srcset="https://kehila-olomouc.cz/rs/wp-content/uploads/Roma-Mertensová.jpg 421w, https://kehila-olomouc.cz/rs/wp-content/uploads/Roma-Mertensová-150x150.jpg 150w, https://kehila-olomouc.cz/rs/wp-content/uploads/Roma-Mertensová-298x300.jpg 298w" sizes="(max-width: 295px) 100vw, 295px" /></a></p>
<p>Nápis na kameni:</p>
<p>ZDE BYDLELA<br />
ROMA MERTENSOVÁ<br />
NAR. 1913<br />
DEPORTOVÁNA 1942<br />
DO TEREZÍNA<br />
ZAVRAŽDĚNA 1944<br />
V OSVĚTIMI</p>
<p>Další známé údaje:<br />
Narozena 26. 07. 1913<br />
transport AAo, č. 539 (08.07.1942 Olomouc -&gt; Terezín)<br />
transport Ep, č. 717 (09.10.1944 Terezín -&gt; Osvětim)<br />
Zahynula</p>
<p><a href="http://www2.holocaust.cz/cz/victims/PERSON.ITI.1660491" target="_blank">Oběť v databázi Institutu Terezínské iniciativy</a></p>

<p>Adresa: Javoříčská 679/6 , Olomouc<br />
souřadnice: N 49.591029 E 17.249350<br />
Kámen zmizelých položen: 2014</p>
<p>Nápis na kameni:<br />
ZDE BYDLELA<br />
ROMA MERTENSOVÁ<br />
NAR. 1913<br />
DEPORTOVÁNA 1942<br />
DO TEREZÍNA<br />
ZAVRAŽDĚNA 1944<br />
V OSVĚTIMI<br />
Další známé údaje:<br />
Narozena 26. 07. 1913<br />
transport AAo, č. 539 (08.07.1942 Olomouc -&gt; Terezín)<br />
transport Ep, č. 717 (09.10.1944 Terezín -&gt; Osvětim)<br />
Zahynula<br />
Oběť v databázi Institutu Terezínské iniciativy</p>
