{"id":6700,"date":"2015-04-19T00:25:23","date_gmt":"2015-04-18T22:25:23","guid":{"rendered":"http:\/\/kehila-olomouc.cz\/rs\/?page_id=6700"},"modified":"2015-12-04T11:38:30","modified_gmt":"2015-12-04T09:38:30","slug":"vincenc-merstens","status":"publish","type":"page","link":"https:\/\/kehila-olomouc.cz\/rs\/soucastnost\/stolpersteine-2\/vincenc-merstens\/","title":{"rendered":"Vincenc Merstens"},"content":{"rendered":"<p>Adresa:\u00a0<a href=\"https:\/\/www.google.com\/maps\/d\/viewer?mid=zFcC0AXi_eZA.kr_Q-_iTZAOc\" target=\"_blank\"><strong>Javo\u0159\u00ed\u010dsk\u00e1 679\/6\u00a0, Olomouc<\/strong><\/a><br \/>\nsou\u0159adnice: N 49.591029 E 17.249350<br \/>\nK\u00e1men zmizel\u00fdch polo\u017een: 2014<\/p>\n<p><a href=\"http:\/\/kehila-olomouc.cz\/rs\/wp-content\/uploads\/Vincenc-Merstens.jpg\"><img loading=\"lazy\" decoding=\"async\" class=\"wp-image-6701 alignnone\" src=\"http:\/\/kehila-olomouc.cz\/rs\/wp-content\/uploads\/Vincenc-Merstens.jpg\" alt=\"Vincenc Merstens\" width=\"294\" height=\"297\" srcset=\"https:\/\/kehila-olomouc.cz\/rs\/wp-content\/uploads\/Vincenc-Merstens.jpg 420w, https:\/\/kehila-olomouc.cz\/rs\/wp-content\/uploads\/Vincenc-Merstens-297x300.jpg 297w\" sizes=\"(max-width: 294px) 100vw, 294px\" \/><\/a><\/p>\n<p>N\u00e1pis na kameni:<\/p>\n<p>ZDE BYDLEL<br \/>\nVINCENC MERTENS<br \/>\nNAR. 1941<br \/>\nDEPORTOV\u00c1N 1942<br \/>\nDO TEREZ\u00cdNA<br \/>\nZAVRA\u017dD\u011aN 1944<br \/>\nV OSV\u011aTIMI<\/p>\n<p>Dal\u0161\u00ed zn\u00e1m\u00e9 \u00fadaje:<br \/>\nNarozen 31. 05. 1941<br \/>\ntransport AAo, \u010d. 540 (08.07.1942 Olomouc -&gt; Terez\u00edn)<br \/>\ntransport Ep, \u010d. 718 (09.10.1944 Terez\u00edn -&gt; Osv\u011btim)<br \/>\nZahynul<\/p>\n<p><a href=\"http:\/\/www2.holocaust.cz\/cz\/victims\/PERSON.ITI.1660504\" target=\"_blank\">Ob\u011b\u0165 v datab\u00e1zi Institutu Terez\u00ednsk\u00e9 iniciativy<\/a><\/p>\n","protected":false},"excerpt":{"rendered":"<p>Adresa:\u00a0Javo\u0159\u00ed\u010dsk\u00e1 679\/6\u00a0, Olomouc<br \/>\nsou\u0159adnice: N 49.591029 E 17.249350<br \/>\nK\u00e1men zmizel\u00fdch polo\u017een: 2014<\/p>\n<p>N\u00e1pis na kameni:<br \/>\nZDE BYDLEL<br \/>\nVINCENC MERTENS<br \/>\nNAR. 1941<br \/>\nDEPORTOV\u00c1N 1942<br \/>\nDO TEREZ\u00cdNA<br \/>\nZAVRA\u017dD\u011aN 1944<br \/>\nV OSV\u011aTIMI<br \/>\nDal\u0161\u00ed zn\u00e1m\u00e9 \u00fadaje:<br \/>\nNarozen 31. 05. 1941<br \/>\ntransport AAo, \u010d. 540 (08.07.1942 Olomouc -&gt; Terez\u00edn)<br \/>\ntransport Ep, \u010d. 718 (09.10.1944 Terez\u00edn -&gt; Osv\u011btim)<br \/>\nZahynul<br \/>\nOb\u011b\u0165 v datab\u00e1zi Institutu Terez\u00ednsk\u00e9 iniciativy<\/p>\n","protected":false},"author":3,"featured_media":0,"parent":7602,"menu_order":0,"comment_status":"closed","ping_status":"closed","template":"","meta":{"ngg_post_thumbnail":0,"footnotes":""},"class_list":["post-6700","page","type-page","status-publish","hentry"],"_links":{"self":[{"href":"https:\/\/kehila-olomouc.cz\/rs\/wp-json\/wp\/v2\/pages\/6700"}],"collection":[{"href":"https:\/\/kehila-olomouc.cz\/rs\/wp-json\/wp\/v2\/pages"}],"about":[{"href":"https:\/\/kehila-olomouc.cz\/rs\/wp-json\/wp\/v2\/types\/page"}],"author":[{"embeddable":true,"href":"https:\/\/kehila-olomouc.cz\/rs\/wp-json\/wp\/v2\/users\/3"}],"replies":[{"embeddable":true,"href":"https:\/\/kehila-olomouc.cz\/rs\/wp-json\/wp\/v2\/comments?post=6700"}],"version-history":[{"count":5,"href":"https:\/\/kehila-olomouc.cz\/rs\/wp-json\/wp\/v2\/pages\/6700\/revisions"}],"predecessor-version":[{"id":7891,"href":"https:\/\/kehila-olomouc.cz\/rs\/wp-json\/wp\/v2\/pages\/6700\/revisions\/7891"}],"up":[{"embeddable":true,"href":"https:\/\/kehila-olomouc.cz\/rs\/wp-json\/wp\/v2\/pages\/7602"}],"wp:attachment":[{"href":"https:\/\/kehila-olomouc.cz\/rs\/wp-json\/wp\/v2\/media?parent=6700"}],"curies":[{"name":"wp","href":"https:\/\/api.w.org\/{rel}","templated":true}]}}

<p>Adresa: <a href="https://www.google.com/maps/d/viewer?mid=zFcC0AXi_eZA.kr_Q-_iTZAOc" target="_blank"><strong>Javoříčská 679/6 , Olomouc</strong></a><br />
souřadnice: N 49.591029 E 17.249350<br />
Kámen zmizelých položen: 2014</p>
<p><a href="http://kehila-olomouc.cz/rs/wp-content/uploads/Vincenc-Merstens.jpg"><img loading="lazy" decoding="async" class="wp-image-6701 alignnone" src="http://kehila-olomouc.cz/rs/wp-content/uploads/Vincenc-Merstens.jpg" alt="Vincenc Merstens" width="294" height="297" srcset="https://kehila-olomouc.cz/rs/wp-content/uploads/Vincenc-Merstens.jpg 420w, https://kehila-olomouc.cz/rs/wp-content/uploads/Vincenc-Merstens-297x300.jpg 297w" sizes="(max-width: 294px) 100vw, 294px" /></a></p>
<p>Nápis na kameni:</p>
<p>ZDE BYDLEL<br />
VINCENC MERTENS<br />
NAR. 1941<br />
DEPORTOVÁN 1942<br />
DO TEREZÍNA<br />
ZAVRAŽDĚN 1944<br />
V OSVĚTIMI</p>
<p>Další známé údaje:<br />
Narozen 31. 05. 1941<br />
transport AAo, č. 540 (08.07.1942 Olomouc -&gt; Terezín)<br />
transport Ep, č. 718 (09.10.1944 Terezín -&gt; Osvětim)<br />
Zahynul</p>
<p><a href="http://www2.holocaust.cz/cz/victims/PERSON.ITI.1660504" target="_blank">Oběť v databázi Institutu Terezínské iniciativy</a></p>

<p>Adresa: Javoříčská 679/6 , Olomouc<br />
souřadnice: N 49.591029 E 17.249350<br />
Kámen zmizelých položen: 2014</p>
<p>Nápis na kameni:<br />
ZDE BYDLEL<br />
VINCENC MERTENS<br />
NAR. 1941<br />
DEPORTOVÁN 1942<br />
DO TEREZÍNA<br />
ZAVRAŽDĚN 1944<br />
V OSVĚTIMI<br />
Další známé údaje:<br />
Narozen 31. 05. 1941<br />
transport AAo, č. 540 (08.07.1942 Olomouc -&gt; Terezín)<br />
transport Ep, č. 718 (09.10.1944 Terezín -&gt; Osvětim)<br />
Zahynul<br />
Oběť v databázi Institutu Terezínské iniciativy</p>
