{"id":6550,"date":"2014-06-15T21:46:32","date_gmt":"2014-06-15T19:46:32","guid":{"rendered":"http:\/\/kehila-olomouc.cz\/rs\/brigada-na-zidovskem-hrbitove-v-olomouci-15-6-2014\/"},"modified":"2014-06-15T21:46:47","modified_gmt":"2014-06-15T19:46:47","slug":"brigada-na-zidovskem-hrbitove-v-olomouci-15-6-2014","status":"publish","type":"page","link":"https:\/\/kehila-olomouc.cz\/rs\/soucastnost\/fotogalerie-2\/souhrn-fotogalerii\/brigada-na-zidovskem-hrbitove-v-olomouci-15-6-2014\/","title":{"rendered":"Brig\u00e1da na \u017eidovsk\u00e9m h\u0159bitov\u011b v Olomouci 15.6.2014"},"content":{"rendered":"","protected":true},"excerpt":{"rendered":"","protected":true},"author":3,"featured_media":0,"parent":1770,"menu_order":0,"comment_status":"closed","ping_status":"closed","template":"","meta":{"ngg_post_thumbnail":0,"footnotes":""},"class_list":["post-6550","page","type-page","status-publish","post-password-required","hentry"],"_links":{"self":[{"href":"https:\/\/kehila-olomouc.cz\/rs\/wp-json\/wp\/v2\/pages\/6550"}],"collection":[{"href":"https:\/\/kehila-olomouc.cz\/rs\/wp-json\/wp\/v2\/pages"}],"about":[{"href":"https:\/\/kehila-olomouc.cz\/rs\/wp-json\/wp\/v2\/types\/page"}],"author":[{"embeddable":true,"href":"https:\/\/kehila-olomouc.cz\/rs\/wp-json\/wp\/v2\/users\/3"}],"replies":[{"embeddable":true,"href":"https:\/\/kehila-olomouc.cz\/rs\/wp-json\/wp\/v2\/comments?post=6550"}],"version-history":[{"count":1,"href":"https:\/\/kehila-olomouc.cz\/rs\/wp-json\/wp\/v2\/pages\/6550\/revisions"}],"predecessor-version":[{"id":6551,"href":"https:\/\/kehila-olomouc.cz\/rs\/wp-json\/wp\/v2\/pages\/6550\/revisions\/6551"}],"up":[{"embeddable":true,"href":"https:\/\/kehila-olomouc.cz\/rs\/wp-json\/wp\/v2\/pages\/1770"}],"wp:attachment":[{"href":"https:\/\/kehila-olomouc.cz\/rs\/wp-json\/wp\/v2\/media?parent=6550"}],"curies":[{"name":"wp","href":"https:\/\/api.w.org\/{rel}","templated":true}]}}

Brigáda na židovském hřbitově v Olomouci 15.6.2014
