{"id":6195,"date":"2013-07-12T16:02:04","date_gmt":"2013-07-12T14:02:04","guid":{"rendered":"http:\/\/kehila-olomouc.cz\/rs\/?page_id=6195"},"modified":"2015-12-04T11:10:27","modified_gmt":"2015-12-04T09:10:27","slug":"vilem-mandl","status":"publish","type":"page","link":"https:\/\/kehila-olomouc.cz\/rs\/soucastnost\/stolpersteine-2\/vilem-mandl\/","title":{"rendered":"Vil\u00e9m Mandl"},"content":{"rendered":"<p>Adresa: <a href=\"https:\/\/www.google.com\/maps\/d\/viewer?mid=zFcC0AXi_eZA.kr_Q-_iTZAOc\" target=\"_blank\"><strong>Wolkerova 585\/46, Olomouc<\/strong><\/a><br \/>\nsou\u0159adnice: N49\u00b0 35&#8242; 8.36&#8243; E17\u00b0 14&#8242; 31.79&#8243;<br \/>\nK\u00e1men zmizel\u00fdch polo\u017een: 2013<\/p>\n<p><a href=\"http:\/\/kehila-olomouc.cz\/rs\/wp-content\/uploads\/mandl_vilem_kamen.jpg\"><img loading=\"lazy\" decoding=\"async\" class=\" wp-image-6362 alignnone\" src=\"http:\/\/kehila-olomouc.cz\/rs\/wp-content\/uploads\/mandl_vilem_kamen.jpg\" alt=\"mandl_vilem_kamen\" width=\"286\" height=\"286\" srcset=\"https:\/\/kehila-olomouc.cz\/rs\/wp-content\/uploads\/mandl_vilem_kamen.jpg 477w, https:\/\/kehila-olomouc.cz\/rs\/wp-content\/uploads\/mandl_vilem_kamen-150x150.jpg 150w, https:\/\/kehila-olomouc.cz\/rs\/wp-content\/uploads\/mandl_vilem_kamen-300x300.jpg 300w\" sizes=\"(max-width: 286px) 100vw, 286px\" \/><\/a><\/p>\n<p><span style=\"text-decoration: underline;\">N\u00e1pis na kameni:<\/span><br \/>\nZDE \u017dIL<br \/>\nVIL\u00c9M MANDL<br \/>\nNAR. 1876<br \/>\nDEPORTOV\u00c1N 1942<br \/>\nDO TEREZ\u00cdNA<br \/>\nZAVRA\u017dD\u011aN<br \/>\nV BARANOVI\u010cI<\/p>\n<p><span style=\"text-decoration: underline;\">Dal\u0161\u00ed zn\u00e1m\u00e9 \u00fadaje:<\/span><br \/>\nNarozen 30. 01. 1876<br \/>\ntransport AAo, \u010d. 25 (08.07.1942 Olomouc -&gt; Terez\u00edn)<br \/>\ntransport AAy, \u010d. 451 (28.07.1942 Terez\u00edn -&gt; Baranovi\u010di)<br \/>\nZahynul<\/p>\n<p><a href=\"http:\/\/holocaust.cz\/cz\/victims\/PERSON.ITI.1647595\" target=\"_blank\">Ob\u011b\u0165 v datab\u00e1zi Institutu Terez\u00ednsk\u00e9 iniciativy<\/a><\/p>\n<p style=\"text-align: center;\">Man\u017eel\u00e9 <strong>Vil\u00e9m<\/strong> a <a href=\"http:\/\/kehila-olomouc.cz\/rs\/soucastnost\/stolpersteine\/anna-mandlova\/\">Anna<\/a> Mandlovi<\/p>\n<p style=\"text-align: center;\"><a href=\"http:\/\/kehila-olomouc.cz\/rs\/wp-content\/uploads\/Man\u017eel\u00e9-Vil\u00e9m-a-Anna-Mandlovi_nedat.jpg\"><img loading=\"lazy\" decoding=\"async\" class=\"aligncenter wp-image-6199\" src=\"http:\/\/kehila-olomouc.cz\/rs\/wp-content\/uploads\/Man\u017eel\u00e9-Vil\u00e9m-a-Anna-Mandlovi_nedat.jpg\" alt=\"Man\u017eel\u00e9 Vil\u00e9m a Anna Mandlovi_nedat\" width=\"545\" height=\"382\" srcset=\"https:\/\/kehila-olomouc.cz\/rs\/wp-content\/uploads\/Man\u017eel\u00e9-Vil\u00e9m-a-Anna-Mandlovi_nedat.jpg 1009w, https:\/\/kehila-olomouc.cz\/rs\/wp-content\/uploads\/Man\u017eel\u00e9-Vil\u00e9m-a-Anna-Mandlovi_nedat-300x210.jpg 300w\" sizes=\"(max-width: 545px) 100vw, 545px\" \/><\/a><\/p>\n<p style=\"text-align: center;\"><strong>Vil\u00e9m Mandl<\/strong> s dcerou Hedvikou (utekla a p\u0159e\u017eila)<\/p>\n<p style=\"text-align: center;\"><a href=\"http:\/\/kehila-olomouc.cz\/rs\/wp-content\/uploads\/Vil\u00e9m-Mandl-s-dcerou-Hedvikou_nedat.jpg\"><img loading=\"lazy\" decoding=\"async\" class=\"aligncenter wp-image-6201\" src=\"http:\/\/kehila-olomouc.cz\/rs\/wp-content\/uploads\/Vil\u00e9m-Mandl-s-dcerou-Hedvikou_nedat.jpg\" alt=\"Vil\u00e9m Mandl s dcerou Hedvikou_nedat\" width=\"541\" height=\"869\" srcset=\"https:\/\/kehila-olomouc.cz\/rs\/wp-content\/uploads\/Vil\u00e9m-Mandl-s-dcerou-Hedvikou_nedat.jpg 601w, https:\/\/kehila-olomouc.cz\/rs\/wp-content\/uploads\/Vil\u00e9m-Mandl-s-dcerou-Hedvikou_nedat-186x300.jpg 186w\" sizes=\"(max-width: 541px) 100vw, 541px\" \/><\/a><\/p>\n","protected":false},"excerpt":{"rendered":"<p>Adresa: Wolkerova 585\/46, Olomouc<br \/>\nsou\u0159adnice: N49\u00b0 35&#8242; 8.36&#8243; E17\u00b0 14&#8242; 31.79&#8243;<br \/>\nK\u00e1men zmizel\u00fdch polo\u017een: 2013<\/p>\n<p>N\u00e1pis na kameni:<br \/>\nZDE \u017dIL<br \/>\nVIL\u00c9M MANDL<br \/>\nNAR. 1876<br \/>\nDEPORTOV\u00c1N 1942<br \/>\nDO TEREZ\u00cdNA<br \/>\nZAVRA\u017dD\u011aN<br \/>\nV BARANOVI\u010cI<br \/>\nDal\u0161\u00ed zn\u00e1m\u00e9 \u00fadaje:<br \/>\nNarozen 30. 01. 1876<br \/>\ntransport AAo, \u010d. 25 (08.07.1942 Olomouc -&gt; Terez\u00edn)<br \/>\ntransport AAy, \u010d. 451 (28.07.1942 Terez\u00edn -&gt; Baranovi\u010di)<br \/>\nZahynul<br \/>\nOb\u011b\u0165 v datab\u00e1zi Institutu Terez\u00ednsk\u00e9 iniciativy<br \/>\nMan\u017eel\u00e9 Vil\u00e9m a Anna Mandlovi<\/p>\n<p>Vil\u00e9m Mandl s dcerou Hedvikou (utekla a p\u0159e\u017eila)<\/p>\n","protected":false},"author":3,"featured_media":0,"parent":7602,"menu_order":0,"comment_status":"closed","ping_status":"closed","template":"","meta":{"ngg_post_thumbnail":0,"footnotes":""},"class_list":["post-6195","page","type-page","status-publish","hentry"],"_links":{"self":[{"href":"https:\/\/kehila-olomouc.cz\/rs\/wp-json\/wp\/v2\/pages\/6195"}],"collection":[{"href":"https:\/\/kehila-olomouc.cz\/rs\/wp-json\/wp\/v2\/pages"}],"about":[{"href":"https:\/\/kehila-olomouc.cz\/rs\/wp-json\/wp\/v2\/types\/page"}],"author":[{"embeddable":true,"href":"https:\/\/kehila-olomouc.cz\/rs\/wp-json\/wp\/v2\/users\/3"}],"replies":[{"embeddable":true,"href":"https:\/\/kehila-olomouc.cz\/rs\/wp-json\/wp\/v2\/comments?post=6195"}],"version-history":[{"count":10,"href":"https:\/\/kehila-olomouc.cz\/rs\/wp-json\/wp\/v2\/pages\/6195\/revisions"}],"predecessor-version":[{"id":7861,"href":"https:\/\/kehila-olomouc.cz\/rs\/wp-json\/wp\/v2\/pages\/6195\/revisions\/7861"}],"up":[{"embeddable":true,"href":"https:\/\/kehila-olomouc.cz\/rs\/wp-json\/wp\/v2\/pages\/7602"}],"wp:attachment":[{"href":"https:\/\/kehila-olomouc.cz\/rs\/wp-json\/wp\/v2\/media?parent=6195"}],"curies":[{"name":"wp","href":"https:\/\/api.w.org\/{rel}","templated":true}]}}

Vilém Mandl

<p>Adresa: <a href="https://www.google.com/maps/d/viewer?mid=zFcC0AXi_eZA.kr_Q-_iTZAOc" target="_blank"><strong>Wolkerova 585/46, Olomouc</strong></a><br />
souřadnice: N49° 35&#8242; 8.36&#8243; E17° 14&#8242; 31.79&#8243;<br />
Kámen zmizelých položen: 2013</p>
<p><a href="http://kehila-olomouc.cz/rs/wp-content/uploads/mandl_vilem_kamen.jpg"><img loading="lazy" decoding="async" class=" wp-image-6362 alignnone" src="http://kehila-olomouc.cz/rs/wp-content/uploads/mandl_vilem_kamen.jpg" alt="mandl_vilem_kamen" width="286" height="286" srcset="https://kehila-olomouc.cz/rs/wp-content/uploads/mandl_vilem_kamen.jpg 477w, https://kehila-olomouc.cz/rs/wp-content/uploads/mandl_vilem_kamen-150x150.jpg 150w, https://kehila-olomouc.cz/rs/wp-content/uploads/mandl_vilem_kamen-300x300.jpg 300w" sizes="(max-width: 286px) 100vw, 286px" /></a></p>
<p><span style="text-decoration: underline;">Nápis na kameni:</span><br />
ZDE ŽIL<br />
VILÉM MANDL<br />
NAR. 1876<br />
DEPORTOVÁN 1942<br />
DO TEREZÍNA<br />
ZAVRAŽDĚN<br />
V BARANOVIČI</p>
<p><span style="text-decoration: underline;">Další známé údaje:</span><br />
Narozen 30. 01. 1876<br />
transport AAo, č. 25 (08.07.1942 Olomouc -&gt; Terezín)<br />
transport AAy, č. 451 (28.07.1942 Terezín -&gt; Baranoviči)<br />
Zahynul</p>
<p><a href="http://holocaust.cz/cz/victims/PERSON.ITI.1647595" target="_blank">Oběť v databázi Institutu Terezínské iniciativy</a></p>
<p style="text-align: center;">Manželé <strong>Vilém</strong> a <a href="http://kehila-olomouc.cz/rs/soucastnost/stolpersteine/anna-mandlova/">Anna</a> Mandlovi</p>
<p style="text-align: center;"><a href="http://kehila-olomouc.cz/rs/wp-content/uploads/Manželé-Vilém-a-Anna-Mandlovi_nedat.jpg"><img loading="lazy" decoding="async" class="aligncenter wp-image-6199" src="http://kehila-olomouc.cz/rs/wp-content/uploads/Manželé-Vilém-a-Anna-Mandlovi_nedat.jpg" alt="Manželé Vilém a Anna Mandlovi_nedat" width="545" height="382" srcset="https://kehila-olomouc.cz/rs/wp-content/uploads/Manželé-Vilém-a-Anna-Mandlovi_nedat.jpg 1009w, https://kehila-olomouc.cz/rs/wp-content/uploads/Manželé-Vilém-a-Anna-Mandlovi_nedat-300x210.jpg 300w" sizes="(max-width: 545px) 100vw, 545px" /></a></p>
<p style="text-align: center;"><strong>Vilém Mandl</strong> s dcerou Hedvikou (utekla a přežila)</p>
<p style="text-align: center;"><a href="http://kehila-olomouc.cz/rs/wp-content/uploads/Vilém-Mandl-s-dcerou-Hedvikou_nedat.jpg"><img loading="lazy" decoding="async" class="aligncenter wp-image-6201" src="http://kehila-olomouc.cz/rs/wp-content/uploads/Vilém-Mandl-s-dcerou-Hedvikou_nedat.jpg" alt="Vilém Mandl s dcerou Hedvikou_nedat" width="541" height="869" srcset="https://kehila-olomouc.cz/rs/wp-content/uploads/Vilém-Mandl-s-dcerou-Hedvikou_nedat.jpg 601w, https://kehila-olomouc.cz/rs/wp-content/uploads/Vilém-Mandl-s-dcerou-Hedvikou_nedat-186x300.jpg 186w" sizes="(max-width: 541px) 100vw, 541px" /></a></p>

<p>Adresa: Wolkerova 585/46, Olomouc<br />
souřadnice: N49° 35&#8242; 8.36&#8243; E17° 14&#8242; 31.79&#8243;<br />
Kámen zmizelých položen: 2013</p>
<p>Nápis na kameni:<br />
ZDE ŽIL<br />
VILÉM MANDL<br />
NAR. 1876<br />
DEPORTOVÁN 1942<br />
DO TEREZÍNA<br />
ZAVRAŽDĚN<br />
V BARANOVIČI<br />
Další známé údaje:<br />
Narozen 30. 01. 1876<br />
transport AAo, č. 25 (08.07.1942 Olomouc -&gt; Terezín)<br />
transport AAy, č. 451 (28.07.1942 Terezín -&gt; Baranoviči)<br />
Zahynul<br />
Oběť v databázi Institutu Terezínské iniciativy<br />
Manželé Vilém a Anna Mandlovi</p>
<p>Vilém Mandl s dcerou Hedvikou (utekla a přežila)</p>
