{"id":6144,"date":"2013-07-11T22:03:42","date_gmt":"2013-07-11T20:03:42","guid":{"rendered":"http:\/\/kehila-olomouc.cz\/rs\/?page_id=6144"},"modified":"2015-12-04T11:08:49","modified_gmt":"2015-12-04T09:08:49","slug":"jindrich-tauber","status":"publish","type":"page","link":"https:\/\/kehila-olomouc.cz\/rs\/soucastnost\/stolpersteine-2\/jindrich-tauber\/","title":{"rendered":"Jind\u0159ich Tauber"},"content":{"rendered":"<p>Adresa: <a href=\"https:\/\/www.google.com\/maps\/d\/viewer?mid=zFcC0AXi_eZA.kr_Q-_iTZAOc\" target=\"_blank\"><strong>Doln\u00ed n\u00e1m\u011bst\u00ed 22\/43, Olomouc<\/strong><\/a><br \/>\nsou\u0159adnice: N49\u00b0 35&#8242; 32.56&#8243; E17\u00b0 15&#8242; 7.79&#8243;<br \/>\nK\u00e1men zmizel\u00fdch polo\u017een: 2013<\/p>\n<p><a href=\"http:\/\/kehila-olomouc.cz\/rs\/wp-content\/uploads\/tauber_jind\u0159ich_kamen.jpg\"><img loading=\"lazy\" decoding=\"async\" class=\" wp-image-6350 alignnone\" src=\"http:\/\/kehila-olomouc.cz\/rs\/wp-content\/uploads\/tauber_jind\u0159ich_kamen.jpg\" alt=\"tauber_jind\u0159ich_kamen\" width=\"287\" height=\"289\" srcset=\"https:\/\/kehila-olomouc.cz\/rs\/wp-content\/uploads\/tauber_jind\u0159ich_kamen.jpg 478w, https:\/\/kehila-olomouc.cz\/rs\/wp-content\/uploads\/tauber_jind\u0159ich_kamen-150x150.jpg 150w, https:\/\/kehila-olomouc.cz\/rs\/wp-content\/uploads\/tauber_jind\u0159ich_kamen-297x300.jpg 297w\" sizes=\"(max-width: 287px) 100vw, 287px\" \/><\/a><\/p>\n<p><span style=\"text-decoration: underline;\">N\u00e1pis na kameni:<\/span><br \/>\nZDE BYDLEL<br \/>\nJIND\u0158ICH TAUBER<br \/>\nNAR. 1873<br \/>\nDEPORTOV\u00c1N 1942<br \/>\nDO TEREZ\u00cdNA<br \/>\nZAVRA\u017dD\u011aN<br \/>\nV TREBLINCE<\/p>\n<p><span style=\"text-decoration: underline;\">Dal\u0161\u00ed zn\u00e1m\u00e9 \u00fadaje:<\/span><br \/>\nNarozen 25. 07. 1873<br \/>\ntransport AAm, \u010d. 575 (04.07.1942 Olomouc -&gt; Terez\u00edn)<br \/>\ntransport Bx, \u010d. 1607 (22.10.1942 Terez\u00edn -&gt; Treblinka)<br \/>\nZahynul<\/p>\n<p><a href=\"http:\/\/holocaust.cz\/cz\/victims\/PERSON.ITI.1914888\" target=\"_blank\">Ob\u011b\u0165 v datab\u00e1zi Institutu Terez\u00ednsk\u00e9 iniciativy<\/a><\/p>\n<p style=\"text-align: center;\"><strong>Jind\u0159ich<\/strong> a <a href=\"http:\/\/kehila-olomouc.cz\/rs\/soucastnost\/stolpersteine\/gabriela-tauberova\/\">Gabriela<\/a> Tauberovi<\/p>\n<p style=\"text-align: center;\"><a href=\"http:\/\/kehila-olomouc.cz\/rs\/wp-content\/uploads\/Jind\u0159ich-a-Gabriela-Tauberovi.jpg\"><img loading=\"lazy\" decoding=\"async\" class=\"aligncenter wp-image-6146\" src=\"http:\/\/kehila-olomouc.cz\/rs\/wp-content\/uploads\/Jind\u0159ich-a-Gabriela-Tauberovi.jpg\" alt=\"Jind\u0159ich a Gabriela Tauberovi\" width=\"550\" height=\"325\" srcset=\"https:\/\/kehila-olomouc.cz\/rs\/wp-content\/uploads\/Jind\u0159ich-a-Gabriela-Tauberovi.jpg 785w, https:\/\/kehila-olomouc.cz\/rs\/wp-content\/uploads\/Jind\u0159ich-a-Gabriela-Tauberovi-300x177.jpg 300w\" sizes=\"(max-width: 550px) 100vw, 550px\" \/><\/a><\/p>\n","protected":false},"excerpt":{"rendered":"<p>Adresa: Doln\u00ed n\u00e1m\u011bst\u00ed 22\/43, Olomouc<br \/>\nsou\u0159adnice: N49\u00b0 35&#8242; 32.56&#8243; E17\u00b0 15&#8242; 7.79&#8243;<br \/>\nK\u00e1men zmizel\u00fdch polo\u017een: 2013<\/p>\n<p>N\u00e1pis na kameni:<br \/>\nZDE BYDLEL<br \/>\nJIND\u0158ICH TAUBER<br \/>\nNAR. 1873<br \/>\nDEPORTOV\u00c1N 1942<br \/>\nDO TEREZ\u00cdNA<br \/>\nZAVRA\u017dD\u011aN<br \/>\nV TREBLINCE<br \/>\nDal\u0161\u00ed zn\u00e1m\u00e9 \u00fadaje:<br \/>\nNarozen 25. 07. 1873<br \/>\ntransport AAm, \u010d. 575 (04.07.1942 Olomouc -&gt; Terez\u00edn)<br \/>\ntransport Bx, \u010d. 1607 (22.10.1942 Terez\u00edn -&gt; Treblinka)<br \/>\nZahynul<br \/>\nOb\u011b\u0165 v datab\u00e1zi Institutu Terez\u00ednsk\u00e9 iniciativy<br \/>\nJind\u0159ich a Gabriela Tauberovi<\/p>\n","protected":false},"author":3,"featured_media":0,"parent":7602,"menu_order":0,"comment_status":"closed","ping_status":"closed","template":"","meta":{"ngg_post_thumbnail":0,"footnotes":""},"class_list":["post-6144","page","type-page","status-publish","hentry"],"_links":{"self":[{"href":"https:\/\/kehila-olomouc.cz\/rs\/wp-json\/wp\/v2\/pages\/6144"}],"collection":[{"href":"https:\/\/kehila-olomouc.cz\/rs\/wp-json\/wp\/v2\/pages"}],"about":[{"href":"https:\/\/kehila-olomouc.cz\/rs\/wp-json\/wp\/v2\/types\/page"}],"author":[{"embeddable":true,"href":"https:\/\/kehila-olomouc.cz\/rs\/wp-json\/wp\/v2\/users\/3"}],"replies":[{"embeddable":true,"href":"https:\/\/kehila-olomouc.cz\/rs\/wp-json\/wp\/v2\/comments?post=6144"}],"version-history":[{"count":11,"href":"https:\/\/kehila-olomouc.cz\/rs\/wp-json\/wp\/v2\/pages\/6144\/revisions"}],"predecessor-version":[{"id":7840,"href":"https:\/\/kehila-olomouc.cz\/rs\/wp-json\/wp\/v2\/pages\/6144\/revisions\/7840"}],"up":[{"embeddable":true,"href":"https:\/\/kehila-olomouc.cz\/rs\/wp-json\/wp\/v2\/pages\/7602"}],"wp:attachment":[{"href":"https:\/\/kehila-olomouc.cz\/rs\/wp-json\/wp\/v2\/media?parent=6144"}],"curies":[{"name":"wp","href":"https:\/\/api.w.org\/{rel}","templated":true}]}}

Jindřich Tauber

<p>Adresa: <a href="https://www.google.com/maps/d/viewer?mid=zFcC0AXi_eZA.kr_Q-_iTZAOc" target="_blank"><strong>Dolní náměstí 22/43, Olomouc</strong></a><br />
souřadnice: N49° 35&#8242; 32.56&#8243; E17° 15&#8242; 7.79&#8243;<br />
Kámen zmizelých položen: 2013</p>
<p><a href="http://kehila-olomouc.cz/rs/wp-content/uploads/tauber_jindřich_kamen.jpg"><img loading="lazy" decoding="async" class=" wp-image-6350 alignnone" src="http://kehila-olomouc.cz/rs/wp-content/uploads/tauber_jindřich_kamen.jpg" alt="tauber_jindřich_kamen" width="287" height="289" srcset="https://kehila-olomouc.cz/rs/wp-content/uploads/tauber_jindřich_kamen.jpg 478w, https://kehila-olomouc.cz/rs/wp-content/uploads/tauber_jindřich_kamen-150x150.jpg 150w, https://kehila-olomouc.cz/rs/wp-content/uploads/tauber_jindřich_kamen-297x300.jpg 297w" sizes="(max-width: 287px) 100vw, 287px" /></a></p>
<p><span style="text-decoration: underline;">Nápis na kameni:</span><br />
ZDE BYDLEL<br />
JINDŘICH TAUBER<br />
NAR. 1873<br />
DEPORTOVÁN 1942<br />
DO TEREZÍNA<br />
ZAVRAŽDĚN<br />
V TREBLINCE</p>
<p><span style="text-decoration: underline;">Další známé údaje:</span><br />
Narozen 25. 07. 1873<br />
transport AAm, č. 575 (04.07.1942 Olomouc -&gt; Terezín)<br />
transport Bx, č. 1607 (22.10.1942 Terezín -&gt; Treblinka)<br />
Zahynul</p>
<p><a href="http://holocaust.cz/cz/victims/PERSON.ITI.1914888" target="_blank">Oběť v databázi Institutu Terezínské iniciativy</a></p>
<p style="text-align: center;"><strong>Jindřich</strong> a <a href="http://kehila-olomouc.cz/rs/soucastnost/stolpersteine/gabriela-tauberova/">Gabriela</a> Tauberovi</p>
<p style="text-align: center;"><a href="http://kehila-olomouc.cz/rs/wp-content/uploads/Jindřich-a-Gabriela-Tauberovi.jpg"><img loading="lazy" decoding="async" class="aligncenter wp-image-6146" src="http://kehila-olomouc.cz/rs/wp-content/uploads/Jindřich-a-Gabriela-Tauberovi.jpg" alt="Jindřich a Gabriela Tauberovi" width="550" height="325" srcset="https://kehila-olomouc.cz/rs/wp-content/uploads/Jindřich-a-Gabriela-Tauberovi.jpg 785w, https://kehila-olomouc.cz/rs/wp-content/uploads/Jindřich-a-Gabriela-Tauberovi-300x177.jpg 300w" sizes="(max-width: 550px) 100vw, 550px" /></a></p>

<p>Adresa: Dolní náměstí 22/43, Olomouc<br />
souřadnice: N49° 35&#8242; 32.56&#8243; E17° 15&#8242; 7.79&#8243;<br />
Kámen zmizelých položen: 2013</p>
<p>Nápis na kameni:<br />
ZDE BYDLEL<br />
JINDŘICH TAUBER<br />
NAR. 1873<br />
DEPORTOVÁN 1942<br />
DO TEREZÍNA<br />
ZAVRAŽDĚN<br />
V TREBLINCE<br />
Další známé údaje:<br />
Narozen 25. 07. 1873<br />
transport AAm, č. 575 (04.07.1942 Olomouc -&gt; Terezín)<br />
transport Bx, č. 1607 (22.10.1942 Terezín -&gt; Treblinka)<br />
Zahynul<br />
Oběť v databázi Institutu Terezínské iniciativy<br />
Jindřich a Gabriela Tauberovi</p>
