{"id":5627,"date":"2012-10-22T16:04:42","date_gmt":"2012-10-22T14:04:42","guid":{"rendered":"http:\/\/kehila-olomouc.cz\/rs\/?page_id=5627"},"modified":"2016-08-14T01:24:54","modified_gmt":"2016-08-13T23:24:54","slug":"vera-walterova","status":"publish","type":"page","link":"https:\/\/kehila-olomouc.cz\/rs\/soucastnost\/stolpersteine-2\/vera-walterova\/","title":{"rendered":"V\u011bra Walterov\u00e1"},"content":{"rendered":"<p>Adresa:\u00a0<a href=\"https:\/\/www.google.com\/maps\/d\/viewer?mid=zFcC0AXi_eZA.kr_Q-_iTZAOc\" target=\"_blank\"><strong>\u017dilinsk\u00e1 650\/20, Olomouc<\/strong><\/a><br \/>\nsou\u0159adnice: N49\u00b0 35&#8242; 44.32&#8243; E17\u00b0 14&#8242; 6.57&#8243;<br \/>\nK\u00e1men zmizel\u00fdch polo\u017een: 2012<\/p>\n<p><a href=\"http:\/\/kehila-olomouc.cz\/rs\/wp-content\/uploads\/V.-Walterov\u00e1.jpg\"><img loading=\"lazy\" decoding=\"async\" class=\"alignnone wp-image-5840\" title=\"V\u011bra Walterov\u00e1\" src=\"http:\/\/kehila-olomouc.cz\/rs\/wp-content\/uploads\/V.-Walterov\u00e1.jpg\" alt=\"\" width=\"280\" height=\"280\" srcset=\"https:\/\/kehila-olomouc.cz\/rs\/wp-content\/uploads\/V.-Walterov\u00e1.jpg 400w, https:\/\/kehila-olomouc.cz\/rs\/wp-content\/uploads\/V.-Walterov\u00e1-150x150.jpg 150w, https:\/\/kehila-olomouc.cz\/rs\/wp-content\/uploads\/V.-Walterov\u00e1-300x300.jpg 300w\" sizes=\"(max-width: 280px) 100vw, 280px\" \/><\/a><\/p>\n<p><span style=\"text-decoration: underline;\">N\u00e1pis na kameni:<\/span><\/p>\n<p>ZDE BYDLELA<br \/>\nV\u011aRA WALTEROV\u00c1<br \/>\nNAR. 1938<br \/>\nDEPORTOV\u00c1NA 1942<br \/>\nDO TEREZ\u00cdNA<br \/>\nZAVRA\u017dD\u011aNA<br \/>\nV MAL\u00c9M TROSTINCI<\/p>\n<p><span style=\"text-decoration: underline;\">Dal\u0161\u00ed zn\u00e1m\u00e9 \u00fadaje:<\/span><br \/>\nNarozena 22. 02. 1938<br \/>\ntransport AAg, \u010d. 673 (30.06.1942 Olomouc -&gt; Terez\u00edn)<br \/>\ntransport AAx, \u010d. 764 (14.07.1942 Terez\u00edn -&gt; Mal\u00fd Trostinec)<br \/>\nZahynula<\/p>\n<p><a href=\"http:\/\/holocaust.cz\/cz\/victims\/PERSON.ITI.1949117\" target=\"_blank\">Ob\u011b\u0165 v datab\u00e1zi Institutu Terez\u00ednsk\u00e9 iniciativy<\/a><\/p>\n","protected":false},"excerpt":{"rendered":"<p>Adresa:\u00a0\u017dilinsk\u00e1 650\/20, Olomouc<br \/>\nsou\u0159adnice: N49\u00b0 35&#8242; 44.32&#8243; E17\u00b0 14&#8242; 6.57&#8243;<br \/>\nK\u00e1men zmizel\u00fdch polo\u017een: 2012<\/p>\n<p>N\u00e1pis na kameni:<br \/>\nZDE BYDLELA<br \/>\nV\u011aRA WALTEROV\u00c1<br \/>\nNAR. 1938<br \/>\nDEPORTOV\u00c1NA 1942<br \/>\nDO TEREZ\u00cdNA<br \/>\nZAVRA\u017dD\u011aNA<br \/>\nV MAL\u00c9M TROSTINCI<br \/>\nDal\u0161\u00ed zn\u00e1m\u00e9 \u00fadaje:<br \/>\nNarozena 22. 02. 1938<br \/>\ntransport AAg, \u010d. 673 (30.06.1942 Olomouc -&gt; Terez\u00edn)<br \/>\ntransport AAx, \u010d. 764 (14.07.1942 Terez\u00edn -&gt; Mal\u00fd Trostinec)<br \/>\nZahynula<br \/>\nOb\u011b\u0165 v datab\u00e1zi Institutu Terez\u00ednsk\u00e9 iniciativy<\/p>\n","protected":false},"author":3,"featured_media":0,"parent":7602,"menu_order":0,"comment_status":"closed","ping_status":"closed","template":"","meta":{"ngg_post_thumbnail":0,"footnotes":""},"class_list":["post-5627","page","type-page","status-publish","hentry"],"_links":{"self":[{"href":"https:\/\/kehila-olomouc.cz\/rs\/wp-json\/wp\/v2\/pages\/5627"}],"collection":[{"href":"https:\/\/kehila-olomouc.cz\/rs\/wp-json\/wp\/v2\/pages"}],"about":[{"href":"https:\/\/kehila-olomouc.cz\/rs\/wp-json\/wp\/v2\/types\/page"}],"author":[{"embeddable":true,"href":"https:\/\/kehila-olomouc.cz\/rs\/wp-json\/wp\/v2\/users\/3"}],"replies":[{"embeddable":true,"href":"https:\/\/kehila-olomouc.cz\/rs\/wp-json\/wp\/v2\/comments?post=5627"}],"version-history":[{"count":9,"href":"https:\/\/kehila-olomouc.cz\/rs\/wp-json\/wp\/v2\/pages\/5627\/revisions"}],"predecessor-version":[{"id":8362,"href":"https:\/\/kehila-olomouc.cz\/rs\/wp-json\/wp\/v2\/pages\/5627\/revisions\/8362"}],"up":[{"embeddable":true,"href":"https:\/\/kehila-olomouc.cz\/rs\/wp-json\/wp\/v2\/pages\/7602"}],"wp:attachment":[{"href":"https:\/\/kehila-olomouc.cz\/rs\/wp-json\/wp\/v2\/media?parent=5627"}],"curies":[{"name":"wp","href":"https:\/\/api.w.org\/{rel}","templated":true}]}}

Věra Walterová

<p>Adresa: <a href="https://www.google.com/maps/d/viewer?mid=zFcC0AXi_eZA.kr_Q-_iTZAOc" target="_blank"><strong>Žilinská 650/20, Olomouc</strong></a><br />
souřadnice: N49° 35&#8242; 44.32&#8243; E17° 14&#8242; 6.57&#8243;<br />
Kámen zmizelých položen: 2012</p>
<p><a href="http://kehila-olomouc.cz/rs/wp-content/uploads/V.-Walterová.jpg"><img loading="lazy" decoding="async" class="alignnone wp-image-5840" title="Věra Walterová" src="http://kehila-olomouc.cz/rs/wp-content/uploads/V.-Walterová.jpg" alt="" width="280" height="280" srcset="https://kehila-olomouc.cz/rs/wp-content/uploads/V.-Walterová.jpg 400w, https://kehila-olomouc.cz/rs/wp-content/uploads/V.-Walterová-150x150.jpg 150w, https://kehila-olomouc.cz/rs/wp-content/uploads/V.-Walterová-300x300.jpg 300w" sizes="(max-width: 280px) 100vw, 280px" /></a></p>
<p><span style="text-decoration: underline;">Nápis na kameni:</span></p>
<p>ZDE BYDLELA<br />
VĚRA WALTEROVÁ<br />
NAR. 1938<br />
DEPORTOVÁNA 1942<br />
DO TEREZÍNA<br />
ZAVRAŽDĚNA<br />
V MALÉM TROSTINCI</p>
<p><span style="text-decoration: underline;">Další známé údaje:</span><br />
Narozena 22. 02. 1938<br />
transport AAg, č. 673 (30.06.1942 Olomouc -&gt; Terezín)<br />
transport AAx, č. 764 (14.07.1942 Terezín -&gt; Malý Trostinec)<br />
Zahynula</p>
<p><a href="http://holocaust.cz/cz/victims/PERSON.ITI.1949117" target="_blank">Oběť v databázi Institutu Terezínské iniciativy</a></p>

<p>Adresa: Žilinská 650/20, Olomouc<br />
souřadnice: N49° 35&#8242; 44.32&#8243; E17° 14&#8242; 6.57&#8243;<br />
Kámen zmizelých položen: 2012</p>
<p>Nápis na kameni:<br />
ZDE BYDLELA<br />
VĚRA WALTEROVÁ<br />
NAR. 1938<br />
DEPORTOVÁNA 1942<br />
DO TEREZÍNA<br />
ZAVRAŽDĚNA<br />
V MALÉM TROSTINCI<br />
Další známé údaje:<br />
Narozena 22. 02. 1938<br />
transport AAg, č. 673 (30.06.1942 Olomouc -&gt; Terezín)<br />
transport AAx, č. 764 (14.07.1942 Terezín -&gt; Malý Trostinec)<br />
Zahynula<br />
Oběť v databázi Institutu Terezínské iniciativy</p>
