{"id":5595,"date":"2012-10-22T00:35:10","date_gmt":"2012-10-21T22:35:10","guid":{"rendered":"http:\/\/kehila-olomouc.cz\/rs\/?page_id=5595"},"modified":"2015-12-04T10:58:46","modified_gmt":"2015-12-04T08:58:46","slug":"jindrich-starek","status":"publish","type":"page","link":"https:\/\/kehila-olomouc.cz\/rs\/soucastnost\/stolpersteine-2\/jindrich-starek\/","title":{"rendered":"Jind\u0159ich St\u00e1rek"},"content":{"rendered":"<p>Adresa: <a href=\"https:\/\/www.google.com\/maps\/d\/viewer?mid=zFcC0AXi_eZA.kr_Q-_iTZAOc\" target=\"_blank\"><strong>Na Chmelnici 541\/7, Olomouc<\/strong><\/a><br \/>\nsou\u0159adnice: N49\u00b0 35&#8242; 21.02&#8243; E17\u00b0 14&#8242; 13.28&#8243;<br \/>\nK\u00e1men zmizel\u00fdch polo\u017een: 2012<\/p>\n<p><a href=\"http:\/\/kehila-olomouc.cz\/rs\/wp-content\/uploads\/J.-St\u00e1rek.jpg\"><img loading=\"lazy\" decoding=\"async\" class=\"alignnone wp-image-5808\" title=\"Jind\u0159ich St\u00e1rek\" src=\"http:\/\/kehila-olomouc.cz\/rs\/wp-content\/uploads\/J.-St\u00e1rek.jpg\" alt=\"\" width=\"280\" height=\"280\" srcset=\"https:\/\/kehila-olomouc.cz\/rs\/wp-content\/uploads\/J.-St\u00e1rek.jpg 400w, https:\/\/kehila-olomouc.cz\/rs\/wp-content\/uploads\/J.-St\u00e1rek-150x150.jpg 150w, https:\/\/kehila-olomouc.cz\/rs\/wp-content\/uploads\/J.-St\u00e1rek-300x300.jpg 300w\" sizes=\"(max-width: 280px) 100vw, 280px\" \/><\/a><\/p>\n<p><span style=\"text-decoration: underline;\">N\u00e1pis na kameni:<\/span><\/p>\n<p>ZDE BYDLEL<br \/>\nJIND\u0158ICH ST\u00c1REK<br \/>\nNAR. 1892<br \/>\nDEPORTOV\u00c1N 1942<br \/>\nDO TEREZ\u00cdNA<br \/>\nZAVRA\u017dD\u011aN 12. 9. 1942<br \/>\nV MAL\u00c9M TROSTINCI<\/p>\n<p><span style=\"text-decoration: underline;\">Dal\u0161\u00ed zn\u00e1m\u00e9 \u00fadaje:<\/span><br \/>\nNarozen 18. 05. 1892<br \/>\ntransport AAm, \u010d. 510 (04.07.1942 Olomouc -&gt; Terez\u00edn)<br \/>\ntransport Bk, \u010d. 124 (08.09.1942 Terez\u00edn -&gt; Mal\u00fd Trostinec)<br \/>\nZahynul<\/p>\n<p><a href=\"http:\/\/holocaust.cz\/cz\/victims\/PERSON.ITI.1870636\" target=\"_blank\">Ob\u011b\u0165 v datab\u00e1zi Institutu Terez\u00ednsk\u00e9 iniciativy<\/a><\/p>\n<p style=\"text-align: center;\"><strong>Jind\u0159ich St\u00e1rek<\/strong>\u00a0 s rodinou<\/p>\n<p style=\"text-align: center;\"><a href=\"http:\/\/kehila-olomouc.cz\/rs\/wp-content\/uploads\/St\u00e1rek-s-rodinou.jpg\"><img loading=\"lazy\" decoding=\"async\" class=\"aligncenter wp-image-5598\" title=\"St\u00e1rek s rodinou\" src=\"http:\/\/kehila-olomouc.cz\/rs\/wp-content\/uploads\/St\u00e1rek-s-rodinou.jpg\" alt=\"\" width=\"493\" height=\"676\" srcset=\"https:\/\/kehila-olomouc.cz\/rs\/wp-content\/uploads\/St\u00e1rek-s-rodinou.jpg 913w, https:\/\/kehila-olomouc.cz\/rs\/wp-content\/uploads\/St\u00e1rek-s-rodinou-218x300.jpg 218w, https:\/\/kehila-olomouc.cz\/rs\/wp-content\/uploads\/St\u00e1rek-s-rodinou-746x1024.jpg 746w\" sizes=\"(max-width: 493px) 100vw, 493px\" \/><\/a><\/p>\n","protected":false},"excerpt":{"rendered":"<p>Adresa: Na Chmelnici 541\/7, Olomouc<br \/>\nsou\u0159adnice: N49\u00b0 35&#8242; 21.02&#8243; E17\u00b0 14&#8242; 13.28&#8243;<br \/>\nK\u00e1men zmizel\u00fdch polo\u017een: 2012<\/p>\n<p>N\u00e1pis na kameni:<br \/>\nZDE BYDLEL<br \/>\nJIND\u0158ICH ST\u00c1REK<br \/>\nNAR. 1892<br \/>\nDEPORTOV\u00c1N 1942<br \/>\nDO TEREZ\u00cdNA<br \/>\nZAVRA\u017dD\u011aN 12. 9. 1942<br \/>\nV MAL\u00c9M TROSTINCI<br \/>\nDal\u0161\u00ed zn\u00e1m\u00e9 \u00fadaje:<br \/>\nNarozen 18. 05. 1892<br \/>\ntransport AAm, \u010d. 510 (04.07.1942 Olomouc -&gt; Terez\u00edn)<br \/>\ntransport Bk, \u010d. 124 (08.09.1942 Terez\u00edn -&gt; Mal\u00fd Trostinec)<br \/>\nZahynul<br \/>\nOb\u011b\u0165 v datab\u00e1zi Institutu Terez\u00ednsk\u00e9 iniciativy<br \/>\nJind\u0159ich St\u00e1rek\u00a0 s rodinou<\/p>\n","protected":false},"author":3,"featured_media":0,"parent":7602,"menu_order":0,"comment_status":"closed","ping_status":"closed","template":"","meta":{"ngg_post_thumbnail":0,"footnotes":""},"class_list":["post-5595","page","type-page","status-publish","hentry"],"_links":{"self":[{"href":"https:\/\/kehila-olomouc.cz\/rs\/wp-json\/wp\/v2\/pages\/5595"}],"collection":[{"href":"https:\/\/kehila-olomouc.cz\/rs\/wp-json\/wp\/v2\/pages"}],"about":[{"href":"https:\/\/kehila-olomouc.cz\/rs\/wp-json\/wp\/v2\/types\/page"}],"author":[{"embeddable":true,"href":"https:\/\/kehila-olomouc.cz\/rs\/wp-json\/wp\/v2\/users\/3"}],"replies":[{"embeddable":true,"href":"https:\/\/kehila-olomouc.cz\/rs\/wp-json\/wp\/v2\/comments?post=5595"}],"version-history":[{"count":9,"href":"https:\/\/kehila-olomouc.cz\/rs\/wp-json\/wp\/v2\/pages\/5595\/revisions"}],"predecessor-version":[{"id":7799,"href":"https:\/\/kehila-olomouc.cz\/rs\/wp-json\/wp\/v2\/pages\/5595\/revisions\/7799"}],"up":[{"embeddable":true,"href":"https:\/\/kehila-olomouc.cz\/rs\/wp-json\/wp\/v2\/pages\/7602"}],"wp:attachment":[{"href":"https:\/\/kehila-olomouc.cz\/rs\/wp-json\/wp\/v2\/media?parent=5595"}],"curies":[{"name":"wp","href":"https:\/\/api.w.org\/{rel}","templated":true}]}}

Jindřich Stárek

<p>Adresa: <a href="https://www.google.com/maps/d/viewer?mid=zFcC0AXi_eZA.kr_Q-_iTZAOc" target="_blank"><strong>Na Chmelnici 541/7, Olomouc</strong></a><br />
souřadnice: N49° 35&#8242; 21.02&#8243; E17° 14&#8242; 13.28&#8243;<br />
Kámen zmizelých položen: 2012</p>
<p><a href="http://kehila-olomouc.cz/rs/wp-content/uploads/J.-Stárek.jpg"><img loading="lazy" decoding="async" class="alignnone wp-image-5808" title="Jindřich Stárek" src="http://kehila-olomouc.cz/rs/wp-content/uploads/J.-Stárek.jpg" alt="" width="280" height="280" srcset="https://kehila-olomouc.cz/rs/wp-content/uploads/J.-Stárek.jpg 400w, https://kehila-olomouc.cz/rs/wp-content/uploads/J.-Stárek-150x150.jpg 150w, https://kehila-olomouc.cz/rs/wp-content/uploads/J.-Stárek-300x300.jpg 300w" sizes="(max-width: 280px) 100vw, 280px" /></a></p>
<p><span style="text-decoration: underline;">Nápis na kameni:</span></p>
<p>ZDE BYDLEL<br />
JINDŘICH STÁREK<br />
NAR. 1892<br />
DEPORTOVÁN 1942<br />
DO TEREZÍNA<br />
ZAVRAŽDĚN 12. 9. 1942<br />
V MALÉM TROSTINCI</p>
<p><span style="text-decoration: underline;">Další známé údaje:</span><br />
Narozen 18. 05. 1892<br />
transport AAm, č. 510 (04.07.1942 Olomouc -&gt; Terezín)<br />
transport Bk, č. 124 (08.09.1942 Terezín -&gt; Malý Trostinec)<br />
Zahynul</p>
<p><a href="http://holocaust.cz/cz/victims/PERSON.ITI.1870636" target="_blank">Oběť v databázi Institutu Terezínské iniciativy</a></p>
<p style="text-align: center;"><strong>Jindřich Stárek</strong>  s rodinou</p>
<p style="text-align: center;"><a href="http://kehila-olomouc.cz/rs/wp-content/uploads/Stárek-s-rodinou.jpg"><img loading="lazy" decoding="async" class="aligncenter wp-image-5598" title="Stárek s rodinou" src="http://kehila-olomouc.cz/rs/wp-content/uploads/Stárek-s-rodinou.jpg" alt="" width="493" height="676" srcset="https://kehila-olomouc.cz/rs/wp-content/uploads/Stárek-s-rodinou.jpg 913w, https://kehila-olomouc.cz/rs/wp-content/uploads/Stárek-s-rodinou-218x300.jpg 218w, https://kehila-olomouc.cz/rs/wp-content/uploads/Stárek-s-rodinou-746x1024.jpg 746w" sizes="(max-width: 493px) 100vw, 493px" /></a></p>

<p>Adresa: Na Chmelnici 541/7, Olomouc<br />
souřadnice: N49° 35&#8242; 21.02&#8243; E17° 14&#8242; 13.28&#8243;<br />
Kámen zmizelých položen: 2012</p>
<p>Nápis na kameni:<br />
ZDE BYDLEL<br />
JINDŘICH STÁREK<br />
NAR. 1892<br />
DEPORTOVÁN 1942<br />
DO TEREZÍNA<br />
ZAVRAŽDĚN 12. 9. 1942<br />
V MALÉM TROSTINCI<br />
Další známé údaje:<br />
Narozen 18. 05. 1892<br />
transport AAm, č. 510 (04.07.1942 Olomouc -&gt; Terezín)<br />
transport Bk, č. 124 (08.09.1942 Terezín -&gt; Malý Trostinec)<br />
Zahynul<br />
Oběť v databázi Institutu Terezínské iniciativy<br />
Jindřich Stárek  s rodinou</p>
