{"id":5591,"date":"2012-10-22T00:25:59","date_gmt":"2012-10-21T22:25:59","guid":{"rendered":"http:\/\/kehila-olomouc.cz\/rs\/?page_id=5591"},"modified":"2015-12-04T10:58:38","modified_gmt":"2015-12-04T08:58:38","slug":"josef-tyras","status":"publish","type":"page","link":"https:\/\/kehila-olomouc.cz\/rs\/soucastnost\/stolpersteine-2\/josef-tyras\/","title":{"rendered":"Josef Tyras"},"content":{"rendered":"<p>Adresa: <a href=\"https:\/\/www.google.com\/maps\/d\/viewer?mid=zFcC0AXi_eZA.kr_Q-_iTZAOc\" target=\"_blank\"><strong>Masarykova t\u0159\u00edda 105\/29, Olomouc<\/strong><\/a><br \/>\nsou\u0159adnice: N49\u00b0 35&#8242; 39.12&#8243; E17\u00b0 16&#8242; 20.39&#8243;<br \/>\nK\u00e1men zmizel\u00fdch polo\u017een: 2012<\/p>\n<p><a href=\"http:\/\/kehila-olomouc.cz\/rs\/wp-content\/uploads\/J.-Tyras.jpg\"><img loading=\"lazy\" decoding=\"async\" class=\"alignnone wp-image-5812\" title=\"Josef Tyras\" src=\"http:\/\/kehila-olomouc.cz\/rs\/wp-content\/uploads\/J.-Tyras.jpg\" alt=\"\" width=\"280\" height=\"280\" srcset=\"https:\/\/kehila-olomouc.cz\/rs\/wp-content\/uploads\/J.-Tyras.jpg 400w, https:\/\/kehila-olomouc.cz\/rs\/wp-content\/uploads\/J.-Tyras-150x150.jpg 150w, https:\/\/kehila-olomouc.cz\/rs\/wp-content\/uploads\/J.-Tyras-300x300.jpg 300w\" sizes=\"(max-width: 280px) 100vw, 280px\" \/><\/a><\/p>\n<p><span style=\"text-decoration: underline;\">N\u00e1pis na kameni:<\/span><\/p>\n<p>ZDE BYDLEL<br \/>\nJOSEF TYRAS<br \/>\nNAR. 1891<br \/>\nDEPORTOV\u00c1N 1942<br \/>\nDO TEREZ\u00cdNA<br \/>\nZAVRA\u017dD\u011aN<br \/>\nV OSV\u011aTIMI<\/p>\n<p><span style=\"text-decoration: underline;\">Dal\u0161\u00ed zn\u00e1m\u00e9 \u00fadaje:<\/span><br \/>\nNarozen 06. 10. 1891<br \/>\ntransport AAo, \u010d. 85 (08.07.1942 Olomouc -&gt; Terez\u00edn)<br \/>\ntransport Ek, \u010d. 897 (28.09.1944 Terez\u00edn -&gt; Osv\u011btim)<br \/>\nZahynul<\/p>\n<p><a href=\"http:\/\/holocaust.cz\/cz\/victims\/PERSON.ITI.1934050\" target=\"_blank\">Ob\u011b\u0165 v datab\u00e1zi Institutu Terez\u00ednsk\u00e9 iniciativy<\/a><\/p>\n","protected":false},"excerpt":{"rendered":"<p>Adresa: Masarykova t\u0159\u00edda 105\/29, Olomouc<br \/>\nsou\u0159adnice: N49\u00b0 35&#8242; 39.12&#8243; E17\u00b0 16&#8242; 20.39&#8243;<br \/>\nK\u00e1men zmizel\u00fdch polo\u017een: 2012<\/p>\n<p>N\u00e1pis na kameni:<br \/>\nZDE BYDLEL<br \/>\nJOSEF TYRAS<br \/>\nNAR. 1891<br \/>\nDEPORTOV\u00c1N 1942<br \/>\nDO TEREZ\u00cdNA<br \/>\nZAVRA\u017dD\u011aN<br \/>\nV OSV\u011aTIMI<br \/>\nDal\u0161\u00ed zn\u00e1m\u00e9 \u00fadaje:<br \/>\nNarozen 06. 10. 1891<br \/>\ntransport AAo, \u010d. 85 (08.07.1942 Olomouc -&gt; Terez\u00edn)<br \/>\ntransport Ek, \u010d. 897 (28.09.1944 Terez\u00edn -&gt; Osv\u011btim)<br \/>\nZahynul<br \/>\nOb\u011b\u0165 v datab\u00e1zi Institutu Terez\u00ednsk\u00e9 iniciativy<\/p>\n","protected":false},"author":3,"featured_media":0,"parent":7602,"menu_order":0,"comment_status":"closed","ping_status":"closed","template":"","meta":{"ngg_post_thumbnail":0,"footnotes":""},"class_list":["post-5591","page","type-page","status-publish","hentry"],"_links":{"self":[{"href":"https:\/\/kehila-olomouc.cz\/rs\/wp-json\/wp\/v2\/pages\/5591"}],"collection":[{"href":"https:\/\/kehila-olomouc.cz\/rs\/wp-json\/wp\/v2\/pages"}],"about":[{"href":"https:\/\/kehila-olomouc.cz\/rs\/wp-json\/wp\/v2\/types\/page"}],"author":[{"embeddable":true,"href":"https:\/\/kehila-olomouc.cz\/rs\/wp-json\/wp\/v2\/users\/3"}],"replies":[{"embeddable":true,"href":"https:\/\/kehila-olomouc.cz\/rs\/wp-json\/wp\/v2\/comments?post=5591"}],"version-history":[{"count":8,"href":"https:\/\/kehila-olomouc.cz\/rs\/wp-json\/wp\/v2\/pages\/5591\/revisions"}],"predecessor-version":[{"id":7797,"href":"https:\/\/kehila-olomouc.cz\/rs\/wp-json\/wp\/v2\/pages\/5591\/revisions\/7797"}],"up":[{"embeddable":true,"href":"https:\/\/kehila-olomouc.cz\/rs\/wp-json\/wp\/v2\/pages\/7602"}],"wp:attachment":[{"href":"https:\/\/kehila-olomouc.cz\/rs\/wp-json\/wp\/v2\/media?parent=5591"}],"curies":[{"name":"wp","href":"https:\/\/api.w.org\/{rel}","templated":true}]}}

<p>Adresa: <a href="https://www.google.com/maps/d/viewer?mid=zFcC0AXi_eZA.kr_Q-_iTZAOc" target="_blank"><strong>Masarykova třída 105/29, Olomouc</strong></a><br />
souřadnice: N49° 35&#8242; 39.12&#8243; E17° 16&#8242; 20.39&#8243;<br />
Kámen zmizelých položen: 2012</p>
<p><a href="http://kehila-olomouc.cz/rs/wp-content/uploads/J.-Tyras.jpg"><img loading="lazy" decoding="async" class="alignnone wp-image-5812" title="Josef Tyras" src="http://kehila-olomouc.cz/rs/wp-content/uploads/J.-Tyras.jpg" alt="" width="280" height="280" srcset="https://kehila-olomouc.cz/rs/wp-content/uploads/J.-Tyras.jpg 400w, https://kehila-olomouc.cz/rs/wp-content/uploads/J.-Tyras-150x150.jpg 150w, https://kehila-olomouc.cz/rs/wp-content/uploads/J.-Tyras-300x300.jpg 300w" sizes="(max-width: 280px) 100vw, 280px" /></a></p>
<p><span style="text-decoration: underline;">Nápis na kameni:</span></p>
<p>ZDE BYDLEL<br />
JOSEF TYRAS<br />
NAR. 1891<br />
DEPORTOVÁN 1942<br />
DO TEREZÍNA<br />
ZAVRAŽDĚN<br />
V OSVĚTIMI</p>
<p><span style="text-decoration: underline;">Další známé údaje:</span><br />
Narozen 06. 10. 1891<br />
transport AAo, č. 85 (08.07.1942 Olomouc -&gt; Terezín)<br />
transport Ek, č. 897 (28.09.1944 Terezín -&gt; Osvětim)<br />
Zahynul</p>
<p><a href="http://holocaust.cz/cz/victims/PERSON.ITI.1934050" target="_blank">Oběť v databázi Institutu Terezínské iniciativy</a></p>

<p>Adresa: Masarykova třída 105/29, Olomouc<br />
souřadnice: N49° 35&#8242; 39.12&#8243; E17° 16&#8242; 20.39&#8243;<br />
Kámen zmizelých položen: 2012</p>
<p>Nápis na kameni:<br />
ZDE BYDLEL<br />
JOSEF TYRAS<br />
NAR. 1891<br />
DEPORTOVÁN 1942<br />
DO TEREZÍNA<br />
ZAVRAŽDĚN<br />
V OSVĚTIMI<br />
Další známé údaje:<br />
Narozen 06. 10. 1891<br />
transport AAo, č. 85 (08.07.1942 Olomouc -&gt; Terezín)<br />
transport Ek, č. 897 (28.09.1944 Terezín -&gt; Osvětim)<br />
Zahynul<br />
Oběť v databázi Institutu Terezínské iniciativy</p>
