{"id":5482,"date":"2012-10-19T11:36:01","date_gmt":"2012-10-19T09:36:01","guid":{"rendered":"http:\/\/kehila-olomouc.cz\/rs\/?page_id=5482"},"modified":"2015-12-04T10:54:12","modified_gmt":"2015-12-04T08:54:12","slug":"theodor-schnitzler","status":"publish","type":"page","link":"https:\/\/kehila-olomouc.cz\/rs\/soucastnost\/stolpersteine-2\/theodor-schnitzler\/","title":{"rendered":"Theodor Schnitzler"},"content":{"rendered":"<p>Adresa:\u00a0<strong><a href=\"https:\/\/www.google.com\/maps\/d\/viewer?mid=zFcC0AXi_eZA.kr_Q-_iTZAOc\" target=\"_blank\">U Botanick\u00e9 zahrady 828\/4, Olomouc<\/a><\/strong><br \/>\nsou\u0159adnice: N49\u00b0 35&#8242; 13.57&#8243; E17\u00b0 14&#8242; 55.25&#8243;<br \/>\nK\u00e1men zmizel\u00fdch polo\u017een: 2012<\/p>\n<p><a href=\"http:\/\/kehila-olomouc.cz\/rs\/wp-content\/uploads\/T.-Schnitzler.jpg\"><img loading=\"lazy\" decoding=\"async\" class=\"alignnone wp-image-5836\" title=\"Theodor Schnitzler\" src=\"http:\/\/kehila-olomouc.cz\/rs\/wp-content\/uploads\/T.-Schnitzler.jpg\" alt=\"\" width=\"280\" height=\"280\" srcset=\"https:\/\/kehila-olomouc.cz\/rs\/wp-content\/uploads\/T.-Schnitzler.jpg 400w, https:\/\/kehila-olomouc.cz\/rs\/wp-content\/uploads\/T.-Schnitzler-150x150.jpg 150w, https:\/\/kehila-olomouc.cz\/rs\/wp-content\/uploads\/T.-Schnitzler-300x300.jpg 300w\" sizes=\"(max-width: 280px) 100vw, 280px\" \/><\/a><\/p>\n<p><span style=\"text-decoration: underline;\">N\u00e1pis na kameni:<\/span><br \/>\nZDE BYDLEL<br \/>\nTHEODOR SCHNITZLER<br \/>\nNAR. 1883<br \/>\nDEPORTOV\u00c1N 1942<br \/>\nDO TEREZ\u00cdNA<br \/>\nZAVRA\u017dD\u011aN 5. 9. 1942<br \/>\nV RAASICE<\/p>\n<p><span style=\"text-decoration: underline;\">Dal\u0161\u00ed zn\u00e1m\u00e9 \u00fadaje:<\/span><br \/>\nNarozen 30. 05. 1883<br \/>\ntransport AAm, \u010d. 438 (04.07.1942 Olomouc -&gt; Terez\u00edn)<br \/>\ntransport Be, \u010d. 688 (01.09.1942 Terez\u00edn -&gt; Raasika)<br \/>\nZahynul<\/p>\n<p><a href=\"http:\/\/holocaust.cz\/cz\/victims\/PERSON.ITI.1820365\" target=\"_blank\">Ob\u011b\u0165 v datab\u00e1zi Institutu Terez\u00ednsk\u00e9 iniciativy<\/a><\/p>\n","protected":false},"excerpt":{"rendered":"<p>Adresa:\u00a0U Botanick\u00e9 zahrady 828\/4, Olomouc<br \/>\nsou\u0159adnice: N49\u00b0 35&#8242; 13.57&#8243; E17\u00b0 14&#8242; 55.25&#8243;<br \/>\nK\u00e1men zmizel\u00fdch polo\u017een: 2012<\/p>\n<p>N\u00e1pis na kameni:<br \/>\nZDE BYDLEL<br \/>\nTHEODOR SCHNITZLER<br \/>\nNAR. 1883<br \/>\nDEPORTOV\u00c1N 1942<br \/>\nDO TEREZ\u00cdNA<br \/>\nZAVRA\u017dD\u011aN 5. 9. 1942<br \/>\nV RAASICE<br \/>\nDal\u0161\u00ed zn\u00e1m\u00e9 \u00fadaje:<br \/>\nNarozen 30. 05. 1883<br \/>\ntransport AAm, \u010d. 438 (04.07.1942 Olomouc -&gt; Terez\u00edn)<br \/>\ntransport Be, \u010d. 688 (01.09.1942 Terez\u00edn -&gt; Raasika)<br \/>\nZahynul<br \/>\nOb\u011b\u0165 v datab\u00e1zi Institutu Terez\u00ednsk\u00e9 iniciativy<\/p>\n","protected":false},"author":3,"featured_media":0,"parent":7602,"menu_order":0,"comment_status":"closed","ping_status":"closed","template":"","meta":{"ngg_post_thumbnail":0,"footnotes":""},"class_list":["post-5482","page","type-page","status-publish","hentry"],"_links":{"self":[{"href":"https:\/\/kehila-olomouc.cz\/rs\/wp-json\/wp\/v2\/pages\/5482"}],"collection":[{"href":"https:\/\/kehila-olomouc.cz\/rs\/wp-json\/wp\/v2\/pages"}],"about":[{"href":"https:\/\/kehila-olomouc.cz\/rs\/wp-json\/wp\/v2\/types\/page"}],"author":[{"embeddable":true,"href":"https:\/\/kehila-olomouc.cz\/rs\/wp-json\/wp\/v2\/users\/3"}],"replies":[{"embeddable":true,"href":"https:\/\/kehila-olomouc.cz\/rs\/wp-json\/wp\/v2\/comments?post=5482"}],"version-history":[{"count":9,"href":"https:\/\/kehila-olomouc.cz\/rs\/wp-json\/wp\/v2\/pages\/5482\/revisions"}],"predecessor-version":[{"id":7773,"href":"https:\/\/kehila-olomouc.cz\/rs\/wp-json\/wp\/v2\/pages\/5482\/revisions\/7773"}],"up":[{"embeddable":true,"href":"https:\/\/kehila-olomouc.cz\/rs\/wp-json\/wp\/v2\/pages\/7602"}],"wp:attachment":[{"href":"https:\/\/kehila-olomouc.cz\/rs\/wp-json\/wp\/v2\/media?parent=5482"}],"curies":[{"name":"wp","href":"https:\/\/api.w.org\/{rel}","templated":true}]}}

<p>Adresa: <strong><a href="https://www.google.com/maps/d/viewer?mid=zFcC0AXi_eZA.kr_Q-_iTZAOc" target="_blank">U Botanické zahrady 828/4, Olomouc</a></strong><br />
souřadnice: N49° 35&#8242; 13.57&#8243; E17° 14&#8242; 55.25&#8243;<br />
Kámen zmizelých položen: 2012</p>
<p><a href="http://kehila-olomouc.cz/rs/wp-content/uploads/T.-Schnitzler.jpg"><img loading="lazy" decoding="async" class="alignnone wp-image-5836" title="Theodor Schnitzler" src="http://kehila-olomouc.cz/rs/wp-content/uploads/T.-Schnitzler.jpg" alt="" width="280" height="280" srcset="https://kehila-olomouc.cz/rs/wp-content/uploads/T.-Schnitzler.jpg 400w, https://kehila-olomouc.cz/rs/wp-content/uploads/T.-Schnitzler-150x150.jpg 150w, https://kehila-olomouc.cz/rs/wp-content/uploads/T.-Schnitzler-300x300.jpg 300w" sizes="(max-width: 280px) 100vw, 280px" /></a></p>
<p><span style="text-decoration: underline;">Nápis na kameni:</span><br />
ZDE BYDLEL<br />
THEODOR SCHNITZLER<br />
NAR. 1883<br />
DEPORTOVÁN 1942<br />
DO TEREZÍNA<br />
ZAVRAŽDĚN 5. 9. 1942<br />
V RAASICE</p>
<p><span style="text-decoration: underline;">Další známé údaje:</span><br />
Narozen 30. 05. 1883<br />
transport AAm, č. 438 (04.07.1942 Olomouc -&gt; Terezín)<br />
transport Be, č. 688 (01.09.1942 Terezín -&gt; Raasika)<br />
Zahynul</p>
<p><a href="http://holocaust.cz/cz/victims/PERSON.ITI.1820365" target="_blank">Oběť v databázi Institutu Terezínské iniciativy</a></p>

<p>Adresa: U Botanické zahrady 828/4, Olomouc<br />
souřadnice: N49° 35&#8242; 13.57&#8243; E17° 14&#8242; 55.25&#8243;<br />
Kámen zmizelých položen: 2012</p>
<p>Nápis na kameni:<br />
ZDE BYDLEL<br />
THEODOR SCHNITZLER<br />
NAR. 1883<br />
DEPORTOVÁN 1942<br />
DO TEREZÍNA<br />
ZAVRAŽDĚN 5. 9. 1942<br />
V RAASICE<br />
Další známé údaje:<br />
Narozen 30. 05. 1883<br />
transport AAm, č. 438 (04.07.1942 Olomouc -&gt; Terezín)<br />
transport Be, č. 688 (01.09.1942 Terezín -&gt; Raasika)<br />
Zahynul<br />
Oběť v databázi Institutu Terezínské iniciativy</p>
