{"id":5358,"date":"2012-08-26T01:06:30","date_gmt":"2012-08-25T23:06:30","guid":{"rendered":"http:\/\/kehila-olomouc.cz\/rs\/?page_id=5358"},"modified":"2016-08-12T00:35:25","modified_gmt":"2016-08-11T22:35:25","slug":"ida-schulhofova","status":"publish","type":"page","link":"https:\/\/kehila-olomouc.cz\/rs\/soucastnost\/stolpersteine-2\/ida-schulhofova\/","title":{"rendered":"Ida Schulhofov\u00e1"},"content":{"rendered":"<p>Adresa:\u00a0<a href=\"https:\/\/www.google.com\/maps\/d\/viewer?mid=zFcC0AXi_eZA.kr_Q-_iTZAOc\" target=\"_blank\"><strong>\u0160vermova 1036\/7, Olomouc &#8211; m\u011bsto<\/strong><\/a><br \/>\nsou\u0159adnice: 49\u00b035&#8217;33.2&#8243;N 17\u00b014&#8217;51.1&#8243;E<br \/>\nK\u00e1men zmizel\u00fdch polo\u017een: 2011<\/p>\n<p><a href=\"http:\/\/kehila-olomouc.cz\/rs\/wp-content\/uploads\/schulhofova_ida_kamen.jpg\"><img loading=\"lazy\" decoding=\"async\" class=\"alignleft wp-image-5359\" title=\"Ida Schulhofov\u00e1\" src=\"http:\/\/kehila-olomouc.cz\/rs\/wp-content\/uploads\/schulhofova_ida_kamen-288x300.jpg\" alt=\"\" width=\"230\" height=\"240\" srcset=\"https:\/\/kehila-olomouc.cz\/rs\/wp-content\/uploads\/schulhofova_ida_kamen-288x300.jpg 288w, https:\/\/kehila-olomouc.cz\/rs\/wp-content\/uploads\/schulhofova_ida_kamen.jpg 494w\" sizes=\"(max-width: 230px) 100vw, 230px\" \/><\/a><\/p>\n<p>&nbsp;<\/p>\n<p>&nbsp;<\/p>\n<p>&nbsp;<\/p>\n<p>&nbsp;<\/p>\n<p>&nbsp;<\/p>\n<p>&nbsp;<\/p>\n<p>&nbsp;<\/p>\n<p>&nbsp;<\/p>\n<p>N\u00e1pis na kameni:<\/p>\n<p>ZDE BYDLELA<br \/>\nIDA SCHULHOFOV\u00c1<br \/>\nNAR. 1885<br \/>\nDEPORTOV\u00c1NA 1942<br \/>\nDO TEREZ\u00cdNA<br \/>\nZAVRA\u017dD\u011aNA 1944<br \/>\nV OSV\u011aTIMI<\/p>\n<p>Dal\u0161\u00ed zn\u00e1m\u00e9 \u00fadaje:<br \/>\nnarozena 24. 05. 1885<br \/>\ntransport AAm-448 (04. 07. 1942 Olomouc -&gt; Terez\u00edn)<br \/>\ntransport Ds-1710 (18. 12. 1943 Terez\u00edn -&gt; Osv\u011btim)<br \/>\nzahynula<\/p>\n<p><a href=\"http:\/\/holocaust.cz\/cz\/victims\/PERSON.ITI.1829114\" target=\"_blank\">Ob\u011b\u0165 v datab\u00e1zi Institutu Terez\u00ednsk\u00e9 iniciativy<\/a><\/p>\n<p style=\"text-align: center;\"><strong>Ida Schulhofov\u00e1<\/strong> v roce 1914<\/p>\n<p style=\"text-align: center;\"><a href=\"http:\/\/kehila-olomouc.cz\/rs\/wp-content\/uploads\/Ida-SchulhofPick-1914.jpg\"><img loading=\"lazy\" decoding=\"async\" class=\"aligncenter wp-image-5360\" title=\"Ida Schulhofov\u00e1 v roce 1914\" src=\"http:\/\/kehila-olomouc.cz\/rs\/wp-content\/uploads\/Ida-SchulhofPick-1914-678x1024.jpg\" alt=\"\" width=\"475\" height=\"717\" srcset=\"https:\/\/kehila-olomouc.cz\/rs\/wp-content\/uploads\/Ida-SchulhofPick-1914-678x1024.jpg 678w, https:\/\/kehila-olomouc.cz\/rs\/wp-content\/uploads\/Ida-SchulhofPick-1914-198x300.jpg 198w, https:\/\/kehila-olomouc.cz\/rs\/wp-content\/uploads\/Ida-SchulhofPick-1914.jpg 698w\" sizes=\"(max-width: 475px) 100vw, 475px\" \/><\/a><strong><br \/>\n<\/strong><\/p>\n","protected":false},"excerpt":{"rendered":"<p>Adresa:\u00a0\u0160vermova 1036\/7, Olomouc &#8211; m\u011bsto<br \/>\nsou\u0159adnice: 49\u00b035&#8217;33.2&#8243;N 17\u00b014&#8217;51.1&#8243;E<br \/>\nK\u00e1men zmizel\u00fdch polo\u017een: 2011<\/p>\n<p>&nbsp;<br \/>\n&nbsp;<br \/>\n&nbsp;<br \/>\n&nbsp;<br \/>\n&nbsp;<br \/>\n&nbsp;<br \/>\n&nbsp;<br \/>\n&nbsp;<br \/>\nN\u00e1pis na kameni:<br \/>\nZDE BYDLELA<br \/>\nIDA SCHULHOFOV\u00c1<br \/>\nNAR. 1885<br \/>\nDEPORTOV\u00c1NA 1942<br \/>\nDO TEREZ\u00cdNA<br \/>\nZAVRA\u017dD\u011aNA 1944<br \/>\nV OSV\u011aTIMI<br \/>\nDal\u0161\u00ed zn\u00e1m\u00e9 \u00fadaje:<br \/>\nnarozena 24. 05. 1885<br \/>\ntransport AAm-448 (04. 07. 1942 Olomouc -&gt; Terez\u00edn)<br \/>\ntransport Ds-1710 (18. 12. 1943 Terez\u00edn -&gt; Osv\u011btim)<br \/>\nzahynula<br \/>\nOb\u011b\u0165 v datab\u00e1zi Institutu Terez\u00ednsk\u00e9 iniciativy<br \/>\nIda Schulhofov\u00e1 v roce 1914<\/p>\n","protected":false},"author":3,"featured_media":0,"parent":7602,"menu_order":0,"comment_status":"closed","ping_status":"closed","template":"","meta":{"ngg_post_thumbnail":0,"footnotes":""},"class_list":["post-5358","page","type-page","status-publish","hentry"],"_links":{"self":[{"href":"https:\/\/kehila-olomouc.cz\/rs\/wp-json\/wp\/v2\/pages\/5358"}],"collection":[{"href":"https:\/\/kehila-olomouc.cz\/rs\/wp-json\/wp\/v2\/pages"}],"about":[{"href":"https:\/\/kehila-olomouc.cz\/rs\/wp-json\/wp\/v2\/types\/page"}],"author":[{"embeddable":true,"href":"https:\/\/kehila-olomouc.cz\/rs\/wp-json\/wp\/v2\/users\/3"}],"replies":[{"embeddable":true,"href":"https:\/\/kehila-olomouc.cz\/rs\/wp-json\/wp\/v2\/comments?post=5358"}],"version-history":[{"count":6,"href":"https:\/\/kehila-olomouc.cz\/rs\/wp-json\/wp\/v2\/pages\/5358\/revisions"}],"predecessor-version":[{"id":8342,"href":"https:\/\/kehila-olomouc.cz\/rs\/wp-json\/wp\/v2\/pages\/5358\/revisions\/8342"}],"up":[{"embeddable":true,"href":"https:\/\/kehila-olomouc.cz\/rs\/wp-json\/wp\/v2\/pages\/7602"}],"wp:attachment":[{"href":"https:\/\/kehila-olomouc.cz\/rs\/wp-json\/wp\/v2\/media?parent=5358"}],"curies":[{"name":"wp","href":"https:\/\/api.w.org\/{rel}","templated":true}]}}

Ida Schulhofová

<p>Adresa: <a href="https://www.google.com/maps/d/viewer?mid=zFcC0AXi_eZA.kr_Q-_iTZAOc" target="_blank"><strong>Švermova 1036/7, Olomouc &#8211; město</strong></a><br />
souřadnice: 49°35&#8217;33.2&#8243;N 17°14&#8217;51.1&#8243;E<br />
Kámen zmizelých položen: 2011</p>
<p><a href="http://kehila-olomouc.cz/rs/wp-content/uploads/schulhofova_ida_kamen.jpg"><img loading="lazy" decoding="async" class="alignleft wp-image-5359" title="Ida Schulhofová" src="http://kehila-olomouc.cz/rs/wp-content/uploads/schulhofova_ida_kamen-288x300.jpg" alt="" width="230" height="240" srcset="https://kehila-olomouc.cz/rs/wp-content/uploads/schulhofova_ida_kamen-288x300.jpg 288w, https://kehila-olomouc.cz/rs/wp-content/uploads/schulhofova_ida_kamen.jpg 494w" sizes="(max-width: 230px) 100vw, 230px" /></a></p>
<p>&nbsp;</p>
<p>&nbsp;</p>
<p>&nbsp;</p>
<p>&nbsp;</p>
<p>&nbsp;</p>
<p>&nbsp;</p>
<p>&nbsp;</p>
<p>&nbsp;</p>
<p>Nápis na kameni:</p>
<p>ZDE BYDLELA<br />
IDA SCHULHOFOVÁ<br />
NAR. 1885<br />
DEPORTOVÁNA 1942<br />
DO TEREZÍNA<br />
ZAVRAŽDĚNA 1944<br />
V OSVĚTIMI</p>
<p>Další známé údaje:<br />
narozena 24. 05. 1885<br />
transport AAm-448 (04. 07. 1942 Olomouc -&gt; Terezín)<br />
transport Ds-1710 (18. 12. 1943 Terezín -&gt; Osvětim)<br />
zahynula</p>
<p><a href="http://holocaust.cz/cz/victims/PERSON.ITI.1829114" target="_blank">Oběť v databázi Institutu Terezínské iniciativy</a></p>
<p style="text-align: center;"><strong>Ida Schulhofová</strong> v roce 1914</p>
<p style="text-align: center;"><a href="http://kehila-olomouc.cz/rs/wp-content/uploads/Ida-SchulhofPick-1914.jpg"><img loading="lazy" decoding="async" class="aligncenter wp-image-5360" title="Ida Schulhofová v roce 1914" src="http://kehila-olomouc.cz/rs/wp-content/uploads/Ida-SchulhofPick-1914-678x1024.jpg" alt="" width="475" height="717" srcset="https://kehila-olomouc.cz/rs/wp-content/uploads/Ida-SchulhofPick-1914-678x1024.jpg 678w, https://kehila-olomouc.cz/rs/wp-content/uploads/Ida-SchulhofPick-1914-198x300.jpg 198w, https://kehila-olomouc.cz/rs/wp-content/uploads/Ida-SchulhofPick-1914.jpg 698w" sizes="(max-width: 475px) 100vw, 475px" /></a><strong><br />
</strong></p>

<p>Adresa: Švermova 1036/7, Olomouc &#8211; město<br />
souřadnice: 49°35&#8217;33.2&#8243;N 17°14&#8217;51.1&#8243;E<br />
Kámen zmizelých položen: 2011</p>
<p>&nbsp;<br />
&nbsp;<br />
&nbsp;<br />
&nbsp;<br />
&nbsp;<br />
&nbsp;<br />
&nbsp;<br />
&nbsp;<br />
Nápis na kameni:<br />
ZDE BYDLELA<br />
IDA SCHULHOFOVÁ<br />
NAR. 1885<br />
DEPORTOVÁNA 1942<br />
DO TEREZÍNA<br />
ZAVRAŽDĚNA 1944<br />
V OSVĚTIMI<br />
Další známé údaje:<br />
narozena 24. 05. 1885<br />
transport AAm-448 (04. 07. 1942 Olomouc -&gt; Terezín)<br />
transport Ds-1710 (18. 12. 1943 Terezín -&gt; Osvětim)<br />
zahynula<br />
Oběť v databázi Institutu Terezínské iniciativy<br />
Ida Schulhofová v roce 1914</p>
