{"id":4570,"date":"2011-12-14T13:23:38","date_gmt":"2011-12-14T11:23:38","guid":{"rendered":"http:\/\/kehila-olomouc.cz\/rs\/soucastnost\/fotogalerie-2\/souhrn-fotogalerii\/virtualni-rekonstrukce-olomoucke-synagogy\/"},"modified":"2011-12-14T13:26:16","modified_gmt":"2011-12-14T11:26:16","slug":"virtualni-rekonstrukce-olomoucke-synagogy","status":"publish","type":"page","link":"https:\/\/kehila-olomouc.cz\/rs\/soucastnost\/fotogalerie-2\/souhrn-fotogalerii\/virtualni-rekonstrukce-olomoucke-synagogy\/","title":{"rendered":"Virtu\u00e1ln\u00ed rekonstrukce olomouck\u00e9 synagogy"},"content":{"rendered":"<p><strong>Virtu\u00e1ln\u00ed rekonstrukci synagogy v\u00a0Olomouci od Jakoba Gartnera, je d\u00edlem studenta Roberta Wieczorka pod veden\u00edm profesora Boba Martense na Technick\u00e9 univerzit\u011b ve V\u00eddni.<\/strong><\/p>\nngg_shortcode_0_placeholder\n","protected":false},"excerpt":{"rendered":"<p>Virtu\u00e1ln\u00ed rekonstrukci synagogy v\u00a0Olomouci od Jakoba Gartnera, je d\u00edlem studenta Roberta Wieczorka pod veden\u00edm profesora Boba Martense na Technick\u00e9 univerzit\u011b ve V\u00eddni.<br \/>\nngg_shortcode_1_placeholder<\/p>\n","protected":false},"author":3,"featured_media":0,"parent":1770,"menu_order":0,"comment_status":"closed","ping_status":"closed","template":"","meta":{"ngg_post_thumbnail":0,"footnotes":""},"class_list":["post-4570","page","type-page","status-publish","hentry"],"_links":{"self":[{"href":"https:\/\/kehila-olomouc.cz\/rs\/wp-json\/wp\/v2\/pages\/4570"}],"collection":[{"href":"https:\/\/kehila-olomouc.cz\/rs\/wp-json\/wp\/v2\/pages"}],"about":[{"href":"https:\/\/kehila-olomouc.cz\/rs\/wp-json\/wp\/v2\/types\/page"}],"author":[{"embeddable":true,"href":"https:\/\/kehila-olomouc.cz\/rs\/wp-json\/wp\/v2\/users\/3"}],"replies":[{"embeddable":true,"href":"https:\/\/kehila-olomouc.cz\/rs\/wp-json\/wp\/v2\/comments?post=4570"}],"version-history":[{"count":3,"href":"https:\/\/kehila-olomouc.cz\/rs\/wp-json\/wp\/v2\/pages\/4570\/revisions"}],"predecessor-version":[{"id":4573,"href":"https:\/\/kehila-olomouc.cz\/rs\/wp-json\/wp\/v2\/pages\/4570\/revisions\/4573"}],"up":[{"embeddable":true,"href":"https:\/\/kehila-olomouc.cz\/rs\/wp-json\/wp\/v2\/pages\/1770"}],"wp:attachment":[{"href":"https:\/\/kehila-olomouc.cz\/rs\/wp-json\/wp\/v2\/media?parent=4570"}],"curies":[{"name":"wp","href":"https:\/\/api.w.org\/{rel}","templated":true}]}}

Virtuální rekonstrukce olomoucké synagogy

<p><strong>Virtuální rekonstrukci synagogy v Olomouci od Jakoba Gartnera, je dílem studenta Roberta Wieczorka pod vedením profesora Boba Martense na Technické univerzitě ve Vídni.</strong></p>
ngg_shortcode_0_placeholder

<p>Virtuální rekonstrukci synagogy v Olomouci od Jakoba Gartnera, je dílem studenta Roberta Wieczorka pod vedením profesora Boba Martense na Technické univerzitě ve Vídni.<br />
ngg_shortcode_1_placeholder</p>
