{"id":2472,"date":"2009-07-15T18:39:28","date_gmt":"2009-07-15T16:39:28","guid":{"rendered":"http:\/\/kehila-olomouc.cz\/rs\/?page_id=2472"},"modified":"2014-08-21T01:06:18","modified_gmt":"2014-08-20T23:06:18","slug":"pribehy-prezivsich","status":"publish","type":"page","link":"https:\/\/kehila-olomouc.cz\/rs\/historie\/pribehy-prezivsich\/","title":{"rendered":"P\u0159\u00edb\u011bhy p\u0159e\u017eiv\u0161\u00edch"},"content":{"rendered":"<ul class=\"seznam-pdf\">\n<li><a href=\"http:\/\/kehila-olomouc.cz\/rs\/wp-content\/uploads\/zivtopis-edita-stastna.pdf\" target=\"_blank\">P\u0159\u00edb\u011bh pan\u00ed Edity \u0160\u0165astn\u00e9<\/a><\/li>\n<li><a href=\"http:\/\/kehila-olomouc.cz\/rs\/wp-content\/uploads\/pribeh-milose-dobreho.pdf\" target=\"_blank\">P\u0159\u00edb\u011bh pana Ing. Milo\u0161e Dobr\u00e9ho<\/a><\/li>\n<li><a href=\"http:\/\/kehila-olomouc.cz\/rs\/wp-content\/uploads\/pribeh-Petra-Becka.pdf\" target=\"_blank\">P\u0159\u00edb\u011bh pana Petra Becka<\/a><\/li>\n<li><a href=\"http:\/\/kehila-olomouc.cz\/rs\/wp-content\/uploads\/pribeh-rodiny-Spitzerovy.pdf\" target=\"_blank\">P\u0159\u00edb\u011bh rodiny Spitzerovy<\/a><\/li>\n<li><a href=\"http:\/\/kehila-olomouc.cz\/rs\/wp-content\/uploads\/P\u0159\u00edb\u011bh-Pavla-Reppera.pdf\" target=\"_blank\">P\u0159\u00edb\u011bh pana Pavla Reppera<\/a><\/li>\n<li><a href=\"http:\/\/kehila-olomouc.cz\/rs\/wp-content\/uploads\/P\u0159\u00edb\u011bh-Alice-Nov\u00e1kov\u00e9.pdf\" target=\"_blank\">P\u0159\u00edb\u011bh Alice Nov\u00e1kov\u00e9<\/a><\/li>\n<li><a href=\"http:\/\/kehila-olomouc.cz\/rs\/wp-content\/uploads\/P\u0159\u00edb\u011bh-skr\u00fdvan\u00e9ho-d\u00edt\u011bte-a-jeho-matky.pdf\" target=\"_blank\">P\u0159\u00edb\u011bh skr\u00fdvan\u00e9ho d\u00edt\u011bte a jeho matky<\/a><\/li>\n<li><a href=\"http:\/\/kehila-olomouc.cz\/rs\/wp-content\/uploads\/P\u0159\u00edb\u011bh-Edithy-Kokojanov\u00e9.pdf\" target=\"_blank\">P\u0159\u00edb\u011bh Edithy Kokojanov\u00e9<\/a><\/li>\n<li><a href=\"http:\/\/kehila-olomouc.cz\/rs\/wp-content\/uploads\/Bohmerovi.pdf\" target=\"_blank\">P\u0159\u00edb\u011bh rodiny B\u00f6hmerovy<\/a><\/li>\n<li><a href=\"http:\/\/kehila-olomouc.cz\/rs\/wp-content\/uploads\/P\u0159\u00edb\u011bh-Helgy-Sm\u00e9kalov\u00e9.pdf\" target=\"_blank\">P\u0159\u00edb\u011bh Helgy Sm\u00e9kalov\u00e9<\/a><\/li>\n<li><a href=\"http:\/\/kehila-olomouc.cz\/rs\/wp-content\/uploads\/P\u0159\u00edb\u011bh-Liselotte-\u017didov\u00e9.pdf\" target=\"_blank\">P\u0159\u00edb\u011bh\u00a0Liselotte \u017didov\u00e9<\/a><\/li>\n<\/ul>\n<p><a href=\"http:\/\/get.adobe.com\/reader\/\"><img decoding=\"async\" alt=\"St\u00e1hnout program pro \u010dten\u00ed soubor\u016f PDF\" src=\"http:\/\/www.fzo.cz\/wp-content\/themes\/fzo\/images\/get_adobe_reader_160x41.gif\" \/><\/a><\/p>\n","protected":false},"excerpt":{"rendered":"<p>P\u0159\u00edb\u011bh pan\u00ed Edity \u0160\u0165astn\u00e9<br \/>\nP\u0159\u00edb\u011bh pana Ing. Milo\u0161e Dobr\u00e9ho<br \/>\nP\u0159\u00edb\u011bh pana Petra Becka<br \/>\nP\u0159\u00edb\u011bh rodiny Spitzerovy<br \/>\nP\u0159\u00edb\u011bh pana Pavla Reppera<br \/>\nP\u0159\u00edb\u011bh Alice Nov\u00e1kov\u00e9<br \/>\nP\u0159\u00edb\u011bh skr\u00fdvan\u00e9ho d\u00edt\u011bte a jeho matky<br \/>\nP\u0159\u00edb\u011bh Edithy Kokojanov\u00e9<br \/>\nP\u0159\u00edb\u011bh rodiny B\u00f6hmerovy<br \/>\nP\u0159\u00edb\u011bh Helgy Sm\u00e9kalov\u00e9<br \/>\nP\u0159\u00edb\u011bh\u00a0Liselotte \u017didov\u00e9<\/p>\n","protected":false},"author":3,"featured_media":0,"parent":20,"menu_order":15,"comment_status":"open","ping_status":"closed","template":"","meta":{"ngg_post_thumbnail":0,"footnotes":""},"class_list":["post-2472","page","type-page","status-publish","hentry"],"_links":{"self":[{"href":"https:\/\/kehila-olomouc.cz\/rs\/wp-json\/wp\/v2\/pages\/2472"}],"collection":[{"href":"https:\/\/kehila-olomouc.cz\/rs\/wp-json\/wp\/v2\/pages"}],"about":[{"href":"https:\/\/kehila-olomouc.cz\/rs\/wp-json\/wp\/v2\/types\/page"}],"author":[{"embeddable":true,"href":"https:\/\/kehila-olomouc.cz\/rs\/wp-json\/wp\/v2\/users\/3"}],"replies":[{"embeddable":true,"href":"https:\/\/kehila-olomouc.cz\/rs\/wp-json\/wp\/v2\/comments?post=2472"}],"version-history":[{"count":17,"href":"https:\/\/kehila-olomouc.cz\/rs\/wp-json\/wp\/v2\/pages\/2472\/revisions"}],"predecessor-version":[{"id":2475,"href":"https:\/\/kehila-olomouc.cz\/rs\/wp-json\/wp\/v2\/pages\/2472\/revisions\/2475"}],"up":[{"embeddable":true,"href":"https:\/\/kehila-olomouc.cz\/rs\/wp-json\/wp\/v2\/pages\/20"}],"wp:attachment":[{"href":"https:\/\/kehila-olomouc.cz\/rs\/wp-json\/wp\/v2\/media?parent=2472"}],"curies":[{"name":"wp","href":"https:\/\/api.w.org\/{rel}","templated":true}]}}

Příběhy přeživších

<ul class="seznam-pdf">
<li><a href="http://kehila-olomouc.cz/rs/wp-content/uploads/zivtopis-edita-stastna.pdf" target="_blank">Příběh paní Edity Šťastné</a></li>
<li><a href="http://kehila-olomouc.cz/rs/wp-content/uploads/pribeh-milose-dobreho.pdf" target="_blank">Příběh pana Ing. Miloše Dobrého</a></li>
<li><a href="http://kehila-olomouc.cz/rs/wp-content/uploads/pribeh-Petra-Becka.pdf" target="_blank">Příběh pana Petra Becka</a></li>
<li><a href="http://kehila-olomouc.cz/rs/wp-content/uploads/pribeh-rodiny-Spitzerovy.pdf" target="_blank">Příběh rodiny Spitzerovy</a></li>
<li><a href="http://kehila-olomouc.cz/rs/wp-content/uploads/Příběh-Pavla-Reppera.pdf" target="_blank">Příběh pana Pavla Reppera</a></li>
<li><a href="http://kehila-olomouc.cz/rs/wp-content/uploads/Příběh-Alice-Novákové.pdf" target="_blank">Příběh Alice Novákové</a></li>
<li><a href="http://kehila-olomouc.cz/rs/wp-content/uploads/Příběh-skrývaného-dítěte-a-jeho-matky.pdf" target="_blank">Příběh skrývaného dítěte a jeho matky</a></li>
<li><a href="http://kehila-olomouc.cz/rs/wp-content/uploads/Příběh-Edithy-Kokojanové.pdf" target="_blank">Příběh Edithy Kokojanové</a></li>
<li><a href="http://kehila-olomouc.cz/rs/wp-content/uploads/Bohmerovi.pdf" target="_blank">Příběh rodiny Böhmerovy</a></li>
<li><a href="http://kehila-olomouc.cz/rs/wp-content/uploads/Příběh-Helgy-Smékalové.pdf" target="_blank">Příběh Helgy Smékalové</a></li>
<li><a href="http://kehila-olomouc.cz/rs/wp-content/uploads/Příběh-Liselotte-Židové.pdf" target="_blank">Příběh Liselotte Židové</a></li>
</ul>
<p><a href="http://get.adobe.com/reader/"><img decoding="async" alt="Stáhnout program pro čtení souborů PDF" src="http://www.fzo.cz/wp-content/themes/fzo/images/get_adobe_reader_160x41.gif" /></a></p>

<p>Příběh paní Edity Šťastné<br />
Příběh pana Ing. Miloše Dobrého<br />
Příběh pana Petra Becka<br />
Příběh rodiny Spitzerovy<br />
Příběh pana Pavla Reppera<br />
Příběh Alice Novákové<br />
Příběh skrývaného dítěte a jeho matky<br />
Příběh Edithy Kokojanové<br />
Příběh rodiny Böhmerovy<br />
Příběh Helgy Smékalové<br />
Příběh Liselotte Židové</p>
